{"id":950,"date":"2025-03-02T18:56:49","date_gmt":"2025-03-02T18:56:49","guid":{"rendered":"http:\/\/macozag.com\/?post_type=product&#038;p=950"},"modified":"2025-03-02T18:57:13","modified_gmt":"2025-03-02T18:57:13","slug":"brother-xn2500","status":"publish","type":"product","link":"https:\/\/macozag.com\/?product=brother-xn2500","title":{"rendered":"BROTHER XN2500"},"content":{"rendered":"<p>La m\u00e1quina de coser BROTHER XN2500 es una excelente opci\u00f3n para aquellos que buscan una m\u00e1quina de coser compacta y f\u00e1cil de usar, con un dise\u00f1o de sobremesa que se adapta a cualquier espacio. Su brazo libre es perfecto para costuras circulares y abiertas, lo\u00a0<span id=\"dots\">\u2026<\/span><\/p>\n<h3>BROTHER XN2500 muchas opciones.<\/h3>\n<p>Entre sus caracter\u00edsticas, destaca un motor incorporado en el chasis de la m\u00e1quina, extremadamente silencioso y una asa de transporte integrada. La caja de accesorios m\u00f3vil permite trabajar en plano o tubular, y el ojal autom\u00e1tico en cuatro tiempos y 25 costuras programadas pueden ser modificados a gusto. Tambi\u00e9n cuenta con un selector de dise\u00f1os circular y un bot\u00f3n para ajustar la longitud de puntada. La luz LED y la doble altura de pr\u00e9nsatelas para trabajos m\u00e1s gruesos hacen que esta m\u00e1quina sea muy recomendable para clientes que buscan prestaciones dom\u00e9sticas. Adem\u00e1s, cuenta con una garant\u00eda de dos a\u00f1os y un DVD de instrucciones en espa\u00f1ol. 25 puntadas<br \/>\nBrazo libre para costuras circulares 1 Ojal autom\u00e1tico en 4 tiempos Desembrague autom\u00e1tico<br \/>\nLuz LEO I<br \/>\nControl longitud puntada ajustable<\/p>\n","protected":false},"excerpt":{"rendered":"<p>M\u00e1quina de coser muy recomendada para clientes que van a hacer un uso dom\u00e9stico pero que quieren tener m\u00e1s prestaciones. Con capacidad para hacer un ojal autom\u00e1tico en 4 tiempos, 25 costuras preprogramadas. Es una m\u00e1quina muy silenciosa y suave.<br \/>\n25 puntadas \u00fatiles<br \/>\nLuz LED<br \/>\nEnhebrador manual<br \/>\nLongitud de puntada ajustable<br \/>\nBrazo libre para realizar costuras circulares en mangas, pantalones, cortinas, s\u00e1banas<br \/>\n1 Ojal autom\u00e1tico en 4 tiempos<\/p>\n","protected":false},"featured_media":975,"comment_status":"open","ping_status":"closed","template":"","meta":[],"product_brand":[],"product_cat":[22,83],"product_tag":[],"class_list":{"0":"post-950","1":"product","2":"type-product","3":"status-publish","4":"has-post-thumbnail","6":"product_cat-domesticas","7":"product_cat-brother-domesticas","9":"first","10":"instock","11":"taxable","12":"shipping-taxable","13":"product-type-simple"},"_links":{"self":[{"href":"https:\/\/macozag.com\/index.php?rest_route=\/wp\/v2\/product\/950","targetHints":{"allow":["GET"]}}],"collection":[{"href":"https:\/\/macozag.com\/index.php?rest_route=\/wp\/v2\/product"}],"about":[{"href":"https:\/\/macozag.com\/index.php?rest_route=\/wp\/v2\/types\/product"}],"replies":[{"embeddable":true,"href":"https:\/\/macozag.com\/index.php?rest_route=%2Fwp%2Fv2%2Fcomments&post=950"}],"wp:featuredmedia":[{"embeddable":true,"href":"https:\/\/macozag.com\/index.php?rest_route=\/wp\/v2\/media\/975"}],"wp:attachment":[{"href":"https:\/\/macozag.com\/index.php?rest_route=%2Fwp%2Fv2%2Fmedia&parent=950"}],"wp:term":[{"taxonomy":"product_brand","embeddable":true,"href":"https:\/\/macozag.com\/index.php?rest_route=%2Fwp%2Fv2%2Fproduct_brand&post=950"},{"taxonomy":"product_cat","embeddable":true,"href":"https:\/\/macozag.com\/index.php?rest_route=%2Fwp%2Fv2%2Fproduct_cat&post=950"},{"taxonomy":"product_tag","embeddable":true,"href":"https:\/\/macozag.com\/index.php?rest_route=%2Fwp%2Fv2%2Fproduct_tag&post=950"}],"curies":[{"name":"wp","href":"https:\/\/api.w.org\/{rel}","templated":true}]}}