{"id":948,"date":"2025-03-02T18:56:48","date_gmt":"2025-03-02T18:56:48","guid":{"rendered":"http:\/\/macozag.com\/?post_type=product&#038;p=948"},"modified":"2025-03-02T18:57:11","modified_gmt":"2025-03-02T18:57:11","slug":"brother-rh127","status":"publish","type":"product","link":"https:\/\/macozag.com\/?product=brother-rh127","title":{"rendered":"BROTHER RH127"},"content":{"rendered":"<p>La Brother RH127 es una m\u00e1quina de coser mec\u00e1nica que se presenta como una excelente opci\u00f3n para aquellos que quieren iniciarse en la costura de manera profesional. Con sus 27 puntadas \u00fatiles, esta m\u00e1quina es capaz de realizar todo tipo de tareas, desde la costura b\u00e1sica\u00a0<span id=\"dots\">\u2026<\/span><\/p>\n<h3>\u00a1In\u00edciate en la costura a lo grande con Brother RH127!<\/h3>\n<p>Una m\u00e1quina de coser mec\u00e1nica con todo lo imprescindible para empezar:<br \/>\n27 puntadas \u00fatiles<br \/>\nEnhebrador de aguja autom\u00e1tico<br \/>\n1 ojal autom\u00e1tico en 1 tiempo.<br \/>\nLuz LED de bobina de ajuste r\u00e1pido<br \/>\nControl de longitud de puntada<br \/>\nAncho de puntada de 5 mm<br \/>\nIluminaci\u00f3n de la zona de trabajo, luz confortable para los ojos<br \/>\nCanilla posici\u00f3n horizontal<br \/>\nIncluye DVD con instrucciones de uso paso a paso<br \/>\nManuales<br \/>\n27 Tipos de puntada Detalles t\u00e9cnicos<br \/>\nDimensiones del producto: 40.4 x 49.5 x 27.2 cm ;<br \/>\nPeso: 6.12 kg<\/p>\n","protected":false},"excerpt":{"rendered":"<p>M\u00e1quina de Coser de selecci\u00f3n mec\u00e1nica<strong>\u00a0Brother RH127<\/strong>. Dispone de\u00a0<strong>27 puntadas diferentes<\/strong>, ojales en un paso,\u00a0<strong>enhebrador autom\u00e1tico<\/strong>,\u00a0<strong>doble altura de pr\u00e9nsatelas<\/strong>,\u00a0<strong>ancho<\/strong>\u00a0<strong>5mm<\/strong>\u00a0y otras muchas funciones. Disfrutar\u00e1s de una m\u00e1quina de coser muy f\u00e1cil de usar, de muy buenos componentes y con un magnifico acabado de tu costura.<\/p>\n","protected":false},"featured_media":973,"comment_status":"open","ping_status":"closed","template":"","meta":[],"product_brand":[],"product_cat":[22,83],"product_tag":[],"class_list":{"0":"post-948","1":"product","2":"type-product","3":"status-publish","4":"has-post-thumbnail","6":"product_cat-domesticas","7":"product_cat-brother-domesticas","9":"first","10":"instock","11":"taxable","12":"shipping-taxable","13":"product-type-simple"},"_links":{"self":[{"href":"https:\/\/macozag.com\/index.php?rest_route=\/wp\/v2\/product\/948","targetHints":{"allow":["GET"]}}],"collection":[{"href":"https:\/\/macozag.com\/index.php?rest_route=\/wp\/v2\/product"}],"about":[{"href":"https:\/\/macozag.com\/index.php?rest_route=\/wp\/v2\/types\/product"}],"replies":[{"embeddable":true,"href":"https:\/\/macozag.com\/index.php?rest_route=%2Fwp%2Fv2%2Fcomments&post=948"}],"wp:featuredmedia":[{"embeddable":true,"href":"https:\/\/macozag.com\/index.php?rest_route=\/wp\/v2\/media\/973"}],"wp:attachment":[{"href":"https:\/\/macozag.com\/index.php?rest_route=%2Fwp%2Fv2%2Fmedia&parent=948"}],"wp:term":[{"taxonomy":"product_brand","embeddable":true,"href":"https:\/\/macozag.com\/index.php?rest_route=%2Fwp%2Fv2%2Fproduct_brand&post=948"},{"taxonomy":"product_cat","embeddable":true,"href":"https:\/\/macozag.com\/index.php?rest_route=%2Fwp%2Fv2%2Fproduct_cat&post=948"},{"taxonomy":"product_tag","embeddable":true,"href":"https:\/\/macozag.com\/index.php?rest_route=%2Fwp%2Fv2%2Fproduct_tag&post=948"}],"curies":[{"name":"wp","href":"https:\/\/api.w.org\/{rel}","templated":true}]}}