{"id":944,"date":"2025-03-02T18:56:48","date_gmt":"2025-03-02T18:56:48","guid":{"rendered":"http:\/\/macozag.com\/?post_type=product&#038;p=944"},"modified":"2025-03-02T18:57:06","modified_gmt":"2025-03-02T18:57:06","slug":"brother-f420-electronica","status":"publish","type":"product","link":"https:\/\/macozag.com\/?product=brother-f420-electronica","title":{"rendered":"BROTHER F420 electr\u00f3nica"},"content":{"rendered":"<p>La m\u00e1quina de coser BROTHER F420 presenta la opci\u00f3n de seleccionar la posici\u00f3n de la aguja en la zona inferior o superior para la costura de esquinas. Cuenta con 140 programas de costura, incluyendo b\u00e1sico, el\u00e1stico (estiramiento) y overlock. Adicionalmente, ofrece costura totalmente autom\u00e1tica de 10\u00a0<span id=\"dots\">\u2026<\/span><\/p>\n<h2>M\u00e1quina de coser BROTHER F420, caracter\u00edsticas<\/h2>\n<p>140 puntadas.<br \/>\n10 tipos de ojales autom\u00e1ticos, en Brother F420<br \/>\n5 tipos de letras.<br \/>\nLargo de Puntada: 5 mm.<br \/>\nAncho de Puntada: 7mm.<br \/>\n850 puntadas por minuto.<br \/>\nPantalla de visualizaci\u00f3n LCD 3.5\u2033.<br \/>\n2 luces Led.<br \/>\nTama\u00f1o del Brazo: 19 cm a la derecha de la aguja.<br \/>\nEnhebrador autom\u00e1tico.<br \/>\nAlzaprensatelas de rodillera.<br \/>\nCortah\u00edlos autom\u00e1tico.<br \/>\n7 dientes de arrastre \u2013 para mejorar la fluidez del tejido y mejorar la calidad del trabajo con sistema SFDS: sistema de transmisi\u00f3n y alimentaci\u00f3n uniforme del arrastre para la calidad de puntada superior en cualquier tejido.<br \/>\nBot\u00f3n Posici\u00f3n de Aguja.<br \/>\nFunci\u00f3n de doble aguja (combinado).<br \/>\nBot\u00f3n Costura Sin Pedal: Te permite coser sin pedal.<br \/>\nRegulador de Velocidad.<br \/>\nBot\u00f3n para mantener el pie prensatelas en posicion horizontal: para coser regularmente y uniformemente, incluso cuando hay cambios en el grosor del tejido.<br \/>\nBot\u00f3n de Costura Inversa y Refuerzo.<br \/>\nSistema de bobinado r\u00e1pido.<br \/>\nBot\u00f3n para bajar los dientes de transporte: muy \u00fatil para el acolchado o el bordado.<br \/>\nBrazo libre para prendas tubulares: \u2013 f\u00e1cil de coser piezas cil\u00edndricas, como mangas, pantalones, etc.<br \/>\nTabla de funciones: permite ver las 100 puntadas de costura.<br \/>\nFunci\u00f3n de Combinaci\u00f3n de puntadas.<br \/>\nMemoria \u2013 para guardar 70 patrones de puntos personales. *Diferencia con el modelo F400 \u00ab\u00a1Esta m\u00e1quina de coser ofrece la selecci\u00f3n de la posici\u00f3n de la aguja en la zona inferior o superior para la costura de esquinas!<\/p>\n","protected":false},"excerpt":{"rendered":"<p>M\u00e1quina de coser electr\u00f3nica ideal para todo tipo de costura<\/p>\n<ul>\n<li>140 tipos de puntadas: Para todo tipo de proyectos.<\/li>\n<li>10 ojales en un solo paso: Ojales perfectos de forma r\u00e1pida y sencilla.<\/li>\n<li>Pantalla LCD y controles precisos: F\u00e1cil selecci\u00f3n y ajuste de las configuraciones de costura.<\/li>\n<li>Funciones avanzadas: Costura sin pedal, regulador de velocidad, costura inversa.<\/li>\n<li>Enhebrador autom\u00e1tico y cortahilos autom\u00e1tico: Comodidad y eficiencia.<\/li>\n<li>Amplia \u00e1rea de trabajo: Ideal para proyectos grandes.<\/li>\n<li>Accesorios incluidos: Pies prensatelas, funda protectora y manual de instrucciones.<\/li>\n<\/ul>\n","protected":false},"featured_media":969,"comment_status":"open","ping_status":"closed","template":"","meta":[],"product_brand":[],"product_cat":[83,22],"product_tag":[],"class_list":{"0":"post-944","1":"product","2":"type-product","3":"status-publish","4":"has-post-thumbnail","6":"product_cat-brother-domesticas","7":"product_cat-domesticas","9":"first","10":"instock","11":"taxable","12":"shipping-taxable","13":"product-type-simple"},"_links":{"self":[{"href":"https:\/\/macozag.com\/index.php?rest_route=\/wp\/v2\/product\/944","targetHints":{"allow":["GET"]}}],"collection":[{"href":"https:\/\/macozag.com\/index.php?rest_route=\/wp\/v2\/product"}],"about":[{"href":"https:\/\/macozag.com\/index.php?rest_route=\/wp\/v2\/types\/product"}],"replies":[{"embeddable":true,"href":"https:\/\/macozag.com\/index.php?rest_route=%2Fwp%2Fv2%2Fcomments&post=944"}],"wp:featuredmedia":[{"embeddable":true,"href":"https:\/\/macozag.com\/index.php?rest_route=\/wp\/v2\/media\/969"}],"wp:attachment":[{"href":"https:\/\/macozag.com\/index.php?rest_route=%2Fwp%2Fv2%2Fmedia&parent=944"}],"wp:term":[{"taxonomy":"product_brand","embeddable":true,"href":"https:\/\/macozag.com\/index.php?rest_route=%2Fwp%2Fv2%2Fproduct_brand&post=944"},{"taxonomy":"product_cat","embeddable":true,"href":"https:\/\/macozag.com\/index.php?rest_route=%2Fwp%2Fv2%2Fproduct_cat&post=944"},{"taxonomy":"product_tag","embeddable":true,"href":"https:\/\/macozag.com\/index.php?rest_route=%2Fwp%2Fv2%2Fproduct_tag&post=944"}],"curies":[{"name":"wp","href":"https:\/\/api.w.org\/{rel}","templated":true}]}}