{"id":936,"date":"2025-03-02T18:56:46","date_gmt":"2025-03-02T18:56:46","guid":{"rendered":"http:\/\/macozag.com\/?post_type=product&#038;p=936"},"modified":"2025-03-02T18:56:59","modified_gmt":"2025-03-02T18:56:59","slug":"brother-cs10s","status":"publish","type":"product","link":"https:\/\/macozag.com\/?product=brother-cs10s","title":{"rendered":"BROTHER CS10s"},"content":{"rendered":"<p>La Brother CS10s es una m\u00e1quina de coser electr\u00f3nica de alta tecnolog\u00eda con una amplia gama de caracter\u00edsticas impresionantes. Es ideal para coser todo tipo de telas, desde las m\u00e1s ligeras hasta las m\u00e1s pesadas y el\u00e1sticas. Cuenta con una pantalla LED\u00a0<span id=\"dots\">\u2026<\/span><\/p>\n<div class=\"woocommerce-product-details__short-description\">\n<p>M\u00e1quina de coser Electr\u00f3nica con pantalla LCD<br \/>\n<strong>Regalo tabla extensi\u00f3n<\/strong><br \/>\nPantalla LED con selecci\u00f3n de puntada computarizada.<br \/>\n40 puntadas incorporadas<br \/>\n5 estilos de ojales autom\u00e1ticos<br \/>\nBobina de inserci\u00f3n Quick Set y sistema de enhebrado autom\u00e1tico.<br \/>\nFunci\u00f3n de Aguja Doble<br \/>\n6 dientes de Arrastre<br \/>\nBrazo libre<br \/>\nSistema de Bajada de Dientes de arrastre<br \/>\nAjuste largo y ancho de la puntada.<br \/>\nFunci\u00f3n Nivelaci\u00f3n del prensatelas para coser tejidos de diferentes grosores con mayor facilidad (Doble Altura Prensatelas<br \/>\nPrensatelas sistema klick. (cambio r\u00e1pido)<br \/>\nIluminaci\u00f3n doble LED.<br \/>\nFunci\u00f3n Retroceso<br \/>\nIncluye Accesorios<\/p>\n<\/div>\n<p class=\"stock in-stock\">3 disponibles<\/p>\n","protected":false},"excerpt":{"rendered":"<p>La Brother CS10s es una m\u00e1quina de coser electr\u00f3nica de alta tecnolog\u00eda con una amplia gama de caracter\u00edsticas impresionantes. Es ideal para coser todo tipo de telas, desde las m\u00e1s ligeras hasta las m\u00e1s pesadas y el\u00e1sticas. Cuenta con una pantalla LED\u00a0<span id=\"dots\">\u2026<\/span><\/p>\n","protected":false},"featured_media":961,"comment_status":"open","ping_status":"closed","template":"","meta":[],"product_brand":[],"product_cat":[83,22],"product_tag":[],"class_list":{"0":"post-936","1":"product","2":"type-product","3":"status-publish","4":"has-post-thumbnail","6":"product_cat-brother-domesticas","7":"product_cat-domesticas","9":"first","10":"instock","11":"taxable","12":"shipping-taxable","13":"product-type-simple"},"_links":{"self":[{"href":"https:\/\/macozag.com\/index.php?rest_route=\/wp\/v2\/product\/936","targetHints":{"allow":["GET"]}}],"collection":[{"href":"https:\/\/macozag.com\/index.php?rest_route=\/wp\/v2\/product"}],"about":[{"href":"https:\/\/macozag.com\/index.php?rest_route=\/wp\/v2\/types\/product"}],"replies":[{"embeddable":true,"href":"https:\/\/macozag.com\/index.php?rest_route=%2Fwp%2Fv2%2Fcomments&post=936"}],"wp:featuredmedia":[{"embeddable":true,"href":"https:\/\/macozag.com\/index.php?rest_route=\/wp\/v2\/media\/961"}],"wp:attachment":[{"href":"https:\/\/macozag.com\/index.php?rest_route=%2Fwp%2Fv2%2Fmedia&parent=936"}],"wp:term":[{"taxonomy":"product_brand","embeddable":true,"href":"https:\/\/macozag.com\/index.php?rest_route=%2Fwp%2Fv2%2Fproduct_brand&post=936"},{"taxonomy":"product_cat","embeddable":true,"href":"https:\/\/macozag.com\/index.php?rest_route=%2Fwp%2Fv2%2Fproduct_cat&post=936"},{"taxonomy":"product_tag","embeddable":true,"href":"https:\/\/macozag.com\/index.php?rest_route=%2Fwp%2Fv2%2Fproduct_tag&post=936"}],"curies":[{"name":"wp","href":"https:\/\/api.w.org\/{rel}","templated":true}]}}