{"id":930,"date":"2025-03-02T18:56:45","date_gmt":"2025-03-02T18:56:45","guid":{"rendered":"http:\/\/macozag.com\/?post_type=product&#038;p=930"},"modified":"2025-03-02T18:56:53","modified_gmt":"2025-03-02T18:56:53","slug":"brother-4234d-overlock","status":"publish","type":"product","link":"https:\/\/macozag.com\/?product=brother-4234d-overlock","title":{"rendered":"BROTHER 4234D Overlock"},"content":{"rendered":"<div class=\"elementor-element elementor-element-684118d elementor-widget elementor-widget-heading\" data-id=\"684118d\" data-element_type=\"widget\" data-widget_type=\"heading.default\">\n<div class=\"elementor-widget-container\">\n<p>M\u00e1quina\u00a0<strong>Overlock cil\u00edndrica de cuatro hilos<\/strong>\u00a0con diferencial, ajuste de la cuchilla de corte y del largo de puntada con luz incorporada. Preenhebrado de \u00e1ncoras autom\u00e1tico y de agujas. Cordoncillo de alta calidad.\u00a0<strong>Ajuste de largo y ancho de remallado.<\/strong><\/p>\n<h3>CARACTER\u00cdSTICAS<\/h3>\n<ul>\n<li>M\u00e1quina overlock cil\u00edndrica de cuatro hilos con diferencial<\/li>\n<li>Ajuste de la cuchilla de corte y del largo de puntada<\/li>\n<li>Luz incorporada<\/li>\n<li>Preenhebrado de \u00e1ncoras y de aguja autom\u00e1tico<\/li>\n<li>Desembrague total \u00e1ncora izquierda<\/li>\n<li>Cordoncillo de alta calidad<\/li>\n<li>Enhebrado autom\u00e1tico de aguja<\/li>\n<\/ul>\n<\/div>\n<\/div>\n<div class=\"elementor-element elementor-element-150496a elementor-widget elementor-widget-woocommerce-product-short-description\" data-id=\"150496a\" data-element_type=\"widget\" data-widget_type=\"woocommerce-product-short-description.default\">\n<div class=\"elementor-widget-container\">\n<div class=\"woocommerce-product-details__short-description\">\n<p>&nbsp;<\/p>\n<\/div>\n<\/div>\n<\/div>\n","protected":false},"excerpt":{"rendered":"<p>Esta m\u00e1quina de sobrehilado Brother 4234D Overlock es una m\u00e1quina de coser que puede manejar una variedad de telas. Cuenta con un sistema de alimentaci\u00f3n diferencial para mejorar la calidad de la puntada y un brazo libre para un f\u00e1cil acceso a \u00e1reas de dif\u00edcil acceso. Tambi\u00e9n tiene una funci\u00f3n de dobladillo enrollado incorporada para mayor comodidad.<\/p>\n","protected":false},"featured_media":955,"comment_status":"open","ping_status":"closed","template":"","meta":[],"product_brand":[],"product_cat":[22,83],"product_tag":[],"class_list":{"0":"post-930","1":"product","2":"type-product","3":"status-publish","4":"has-post-thumbnail","6":"product_cat-domesticas","7":"product_cat-brother-domesticas","9":"first","10":"instock","11":"taxable","12":"shipping-taxable","13":"product-type-simple"},"_links":{"self":[{"href":"https:\/\/macozag.com\/index.php?rest_route=\/wp\/v2\/product\/930","targetHints":{"allow":["GET"]}}],"collection":[{"href":"https:\/\/macozag.com\/index.php?rest_route=\/wp\/v2\/product"}],"about":[{"href":"https:\/\/macozag.com\/index.php?rest_route=\/wp\/v2\/types\/product"}],"replies":[{"embeddable":true,"href":"https:\/\/macozag.com\/index.php?rest_route=%2Fwp%2Fv2%2Fcomments&post=930"}],"wp:featuredmedia":[{"embeddable":true,"href":"https:\/\/macozag.com\/index.php?rest_route=\/wp\/v2\/media\/955"}],"wp:attachment":[{"href":"https:\/\/macozag.com\/index.php?rest_route=%2Fwp%2Fv2%2Fmedia&parent=930"}],"wp:term":[{"taxonomy":"product_brand","embeddable":true,"href":"https:\/\/macozag.com\/index.php?rest_route=%2Fwp%2Fv2%2Fproduct_brand&post=930"},{"taxonomy":"product_cat","embeddable":true,"href":"https:\/\/macozag.com\/index.php?rest_route=%2Fwp%2Fv2%2Fproduct_cat&post=930"},{"taxonomy":"product_tag","embeddable":true,"href":"https:\/\/macozag.com\/index.php?rest_route=%2Fwp%2Fv2%2Fproduct_tag&post=930"}],"curies":[{"name":"wp","href":"https:\/\/api.w.org\/{rel}","templated":true}]}}