{"id":929,"date":"2025-03-02T18:56:45","date_gmt":"2025-03-02T18:56:45","guid":{"rendered":"http:\/\/macozag.com\/?post_type=product&#038;p=929"},"modified":"2025-03-02T18:56:52","modified_gmt":"2025-03-02T18:56:52","slug":"remalladora-brother-1034dx-overlock","status":"publish","type":"product","link":"https:\/\/macozag.com\/?product=remalladora-brother-1034dx-overlock","title":{"rendered":"Remalladora BROTHER 1034DX Overlock"},"content":{"rendered":"<p>El Brother 1034DX Overlock es un producto dise\u00f1ado para dar acabado a los bordes y dobladillos de una gran variedad de telas, incluyendo ropa formal, ropa de cama y telas el\u00e1sticas, y para crear volantes y bordes decorativos. Es un complemento perfecto para cualquier sala de costura, ya\u00a0<span id=\"more\">que cuenta con 22 funciones de puntada integradas y pies creativos intercambiables a presi\u00f3n, lo que la hace una remalladora de 3\/4 hilos confiable, f\u00e1cil de aprender y usar. Las opciones de puntadas de BROTHER 1034DX incluyen overlock de 4 hilos, overlock de 3 hilos, dobladillo angosto, dobladillo enrollado y puntadas de cinta. Con su alimentaci\u00f3n diferencial de telas, la BROTHER 1034DX te ayuda a lograr una mejor calidad de puntada, para un acabado m\u00e1s uniforme y profesional, incluso en telas muy delgadas o el\u00e1sticas. Adem\u00e1s, es f\u00e1cil de enhebrar gracias a las gu\u00edas del hilo superior codificadas por colores y al sistema de enhebrado del \u00e1ncora inferior. Los prensatelas a presi\u00f3n incluidos permiten cambios r\u00e1pidos y f\u00e1ciles para la transici\u00f3n a cada puntada deseada. Otras caracter\u00edsticas importantes incluyen la posibilidad de ajustar el ancho de puntada entre 3,00 mm y 7,00 mm, el dial de ajuste de la presi\u00f3n del prensatelas, el dispositivo de control de tensi\u00f3n del hilo de 2 puntos, el brazo libre para coser pu\u00f1os y mangas, la cuchilla retr\u00e1ctil para evitar cortes accidentales en la tela y el \u00e1rea de trabajo bien iluminada. La funci\u00f3n de seguridad evita el funcionamiento cuando la cubierta frontal est\u00e1 abierta y utiliza agujas de m\u00e1quina de coser est\u00e1ndar.<\/span><\/p>\n<h2>SOBRE EL PRODUCTO BROTHER 1034DX Overlock<\/h2>\n<p>Dise\u00f1ado para terminar los bordes y dobladillos de una amplia gama de telas, incluyendo ropa formal, ropa de cama y telas el\u00e1sticas, y para crear volantes y bordes decorativos, Brother 1034XD Serger es el complemento perfecto para cualquier sala de costura. Esta\u00a0<a href=\"https:\/\/www.brother.eu\/en\" target=\"_blank\" rel=\"noopener\">remalladora de 3\/4 hilos confiable<\/a>, f\u00e1cil de aprender y usar cuenta con 22 funciones de puntada integradas y pies creativos intercambiables a presi\u00f3n. Las opciones de puntadas incluyen overlock de 4 hilos, overlock de 3 hilos, dobladillo angosto, dobladillo enrollado y puntadas de cinta. Con su alimentaci\u00f3n diferencial de telas, la\u00a0<a href=\"https:\/\/grupofb.es\/tienda-grupo-fb\/\" target=\"_blank\" rel=\"noopener\">Brother 1034Dx<\/a>\u00a0lo ayuda a lograr una mejor calidad de puntada, para un acabado m\u00e1s uniforme y profesional, incluso en telas muy delgadas o el\u00e1sticas. Enhebrar es f\u00e1cil, con las gu\u00edas del hilo superior codificadas por colores y el sistema de enhebrado del \u00e1ncora inferior. Adem\u00e1s, los prensatelas a presi\u00f3n incluidos en BROTHER 1034DX permiten cambios r\u00e1pidos y f\u00e1ciles para la transici\u00f3n a cada puntada deseada.\u00a0<img loading=\"lazy\" decoding=\"async\" class=\"alignnone wp-image-182237 size-thumbnail\" title=\"BROTHER 1034DX\" src=\"https:\/\/grupofb.es\/wp-content\/uploads\/2022\/02\/1034dx_left_cutout-150x150.png\" alt=\"BROTHER 1034DX\" width=\"150\" height=\"150\" \/>\u00a0<img loading=\"lazy\" decoding=\"async\" class=\"alignnone wp-image-182236 size-thumbnail\" title=\"BROTHER 1034DX\" src=\"https:\/\/grupofb.es\/wp-content\/uploads\/2022\/02\/1034dx_led_light-2-150x150.jpg\" alt=\"BROTHER 1034DX\" width=\"150\" height=\"150\" \/>\u00a0<img loading=\"lazy\" decoding=\"async\" class=\"alignnone wp-image-84168 size-thumbnail\" title=\"Brother 1034dx\" src=\"https:\/\/grupofb.es\/wp-content\/uploads\/2022\/02\/1034D_right-150x150.png\" alt=\"Brother 1034dx\" width=\"150\" height=\"150\" \/><\/p>\n<h3><strong>Principales caracter\u00edsticas BROTHER 1034DX Overlock<\/strong><\/h3>\n<p>Dos agujas e hilo 3\/4<br \/>\nLas vers\u00e1tiles opciones de puntadas le permiten elegir entre overlock de 4 hilos, overlock de 3 hilos, dobladillo angosto, dobladillo enrollado y puntadas de cinta.<br \/>\nF\u00e1cil enhebrado codificado por colores<br \/>\nAlimentaci\u00f3n diferencial de la tela para una mejor calidad de puntada<br \/>\nR\u00e1pido, hasta 1300 puntadas por minuto<br \/>\nEl ancho de puntada se puede ajustar f\u00e1cilmente entre 3,00 mm y 7,00 mm, lo que ayuda a proporcionar el ancho de puntada perfecto para su proyecto<br \/>\nDial de ajuste de la presi\u00f3n del prensatelas<br \/>\nEl dispositivo de control de tensi\u00f3n del hilo de 2 puntos permite una entrega m\u00e1s suave del hilo, y la tensi\u00f3n de cada aguja tambi\u00e9n se puede ajustar individualmente, para un control a\u00fan m\u00e1s preciso para cada tipo de hilo.<br \/>\nBrazo libre para coser pu\u00f1os y mangas con BROTHER 1034DX<br \/>\nLa cuchilla retr\u00e1ctil ayuda a evitar cortes accidentales en la tela cuando se trabaja cerca de los bordes de los dobladillos enrollados.<br \/>\n\u00c1rea de trabajo bien iluminada<br \/>\nLa funci\u00f3n de seguridad evita el funcionamiento cuando la cubierta frontal est\u00e1 abierta<br \/>\nUtiliza agujas de m\u00e1quina de coser est\u00e1ndar.<\/p>\n","protected":false},"excerpt":{"rendered":"<p>Hasta 1300 puntadas por minuto<br \/>\nRemalladora de 3 o 4 hilos<br \/>\nRoscado de colocaci\u00f3n codificado por colores<br \/>\nMejor calidad de puntada<\/p>\n","protected":false},"featured_media":954,"comment_status":"open","ping_status":"closed","template":"","meta":[],"product_brand":[],"product_cat":[83,22],"product_tag":[],"class_list":{"0":"post-929","1":"product","2":"type-product","3":"status-publish","4":"has-post-thumbnail","6":"product_cat-brother-domesticas","7":"product_cat-domesticas","9":"first","10":"instock","11":"taxable","12":"shipping-taxable","13":"product-type-simple"},"_links":{"self":[{"href":"https:\/\/macozag.com\/index.php?rest_route=\/wp\/v2\/product\/929","targetHints":{"allow":["GET"]}}],"collection":[{"href":"https:\/\/macozag.com\/index.php?rest_route=\/wp\/v2\/product"}],"about":[{"href":"https:\/\/macozag.com\/index.php?rest_route=\/wp\/v2\/types\/product"}],"replies":[{"embeddable":true,"href":"https:\/\/macozag.com\/index.php?rest_route=%2Fwp%2Fv2%2Fcomments&post=929"}],"wp:featuredmedia":[{"embeddable":true,"href":"https:\/\/macozag.com\/index.php?rest_route=\/wp\/v2\/media\/954"}],"wp:attachment":[{"href":"https:\/\/macozag.com\/index.php?rest_route=%2Fwp%2Fv2%2Fmedia&parent=929"}],"wp:term":[{"taxonomy":"product_brand","embeddable":true,"href":"https:\/\/macozag.com\/index.php?rest_route=%2Fwp%2Fv2%2Fproduct_brand&post=929"},{"taxonomy":"product_cat","embeddable":true,"href":"https:\/\/macozag.com\/index.php?rest_route=%2Fwp%2Fv2%2Fproduct_cat&post=929"},{"taxonomy":"product_tag","embeddable":true,"href":"https:\/\/macozag.com\/index.php?rest_route=%2Fwp%2Fv2%2Fproduct_tag&post=929"}],"curies":[{"name":"wp","href":"https:\/\/api.w.org\/{rel}","templated":true}]}}