{"id":926,"date":"2025-03-02T18:56:44","date_gmt":"2025-03-02T18:56:44","guid":{"rendered":"http:\/\/macozag.com\/?post_type=product&#038;p=926"},"modified":"2025-03-02T18:56:50","modified_gmt":"2025-03-02T18:56:50","slug":"brother-nv880e","status":"publish","type":"product","link":"https:\/\/macozag.com\/?product=brother-nv880e","title":{"rendered":"BROTHER NV880e"},"content":{"rendered":"<p>Adem\u00e1s, la Brother NV880e tiene una amplia selecci\u00f3n de puntadas incorporadas para que puedas elegir la que mejor se adapte a tu proyecto. Tambi\u00e9n cuenta con la funci\u00f3n de edici\u00f3n de dise\u00f1o incorporada, lo que significa que puedes personalizar tus dise\u00f1os f\u00e1<span id=\"dots\">\u2026<\/span><\/p>\n<h2>Brother NV880e es una gran elecci\u00f3n para aquellos que quieran llevar sus proyectos de bordado al siguiente nivel.<\/h2>\n<p>Con su gran pantalla t\u00e1ctil LCD, puerto USB incorporado, ranura para tarjeta de memoria, \u00e1rea m\u00e1xima de bordado, velocidad m\u00e1xima de bordado, enhebrador de aguja incorporado, cortador de hilo, devanador de bobina, control de tensi\u00f3n de hilo, luz LED y sensor de hilo, esta m\u00e1quina seguramente har\u00e1 que tus proyectos de bordado sean m\u00e1s f\u00e1ciles y agradables.<\/p>\n<p>&nbsp;<\/p>\n","protected":false},"excerpt":{"rendered":"<p>Esta m\u00e1quina de bordado Brother NV880e es una herramienta poderosa y vers\u00e1til para crear dise\u00f1os intrincados con facilidad. Cuenta con una gran \u00e1rea de bordado y una amplia gama de dise\u00f1os y fuentes incorporados.<\/p>\n","protected":false},"featured_media":951,"comment_status":"open","ping_status":"closed","template":"","meta":[],"product_brand":[],"product_cat":[83,22],"product_tag":[],"class_list":{"0":"post-926","1":"product","2":"type-product","3":"status-publish","4":"has-post-thumbnail","6":"product_cat-brother-domesticas","7":"product_cat-domesticas","9":"first","10":"instock","11":"taxable","12":"shipping-taxable","13":"product-type-simple"},"_links":{"self":[{"href":"https:\/\/macozag.com\/index.php?rest_route=\/wp\/v2\/product\/926","targetHints":{"allow":["GET"]}}],"collection":[{"href":"https:\/\/macozag.com\/index.php?rest_route=\/wp\/v2\/product"}],"about":[{"href":"https:\/\/macozag.com\/index.php?rest_route=\/wp\/v2\/types\/product"}],"replies":[{"embeddable":true,"href":"https:\/\/macozag.com\/index.php?rest_route=%2Fwp%2Fv2%2Fcomments&post=926"}],"wp:featuredmedia":[{"embeddable":true,"href":"https:\/\/macozag.com\/index.php?rest_route=\/wp\/v2\/media\/951"}],"wp:attachment":[{"href":"https:\/\/macozag.com\/index.php?rest_route=%2Fwp%2Fv2%2Fmedia&parent=926"}],"wp:term":[{"taxonomy":"product_brand","embeddable":true,"href":"https:\/\/macozag.com\/index.php?rest_route=%2Fwp%2Fv2%2Fproduct_brand&post=926"},{"taxonomy":"product_cat","embeddable":true,"href":"https:\/\/macozag.com\/index.php?rest_route=%2Fwp%2Fv2%2Fproduct_cat&post=926"},{"taxonomy":"product_tag","embeddable":true,"href":"https:\/\/macozag.com\/index.php?rest_route=%2Fwp%2Fv2%2Fproduct_tag&post=926"}],"curies":[{"name":"wp","href":"https:\/\/api.w.org\/{rel}","templated":true}]}}