{"id":867,"date":"2025-03-02T18:56:16","date_gmt":"2025-03-02T18:56:16","guid":{"rendered":"http:\/\/macozag.com\/?post_type=product&#038;p=867"},"modified":"2025-03-02T18:56:29","modified_gmt":"2025-03-02T18:56:29","slug":"130-705h-microtex","status":"publish","type":"product","link":"https:\/\/macozag.com\/?product=130-705h-microtex","title":{"rendered":"130\/705H Microtex"},"content":{"rendered":"<p>La aguja\u00a0Microtex tiene una\u00a0punta especialmente delgada\u00a0y aguda para penetrar con precisi\u00f3n materiales muy finos o de estructura tupida sin dejar huella.\u00a0Ideal para\u00a0puntadas rectas y precisas al pespuntear bordes, tambi\u00e9n para seda, g\u00e9neros de microfibra, materiales delicados. Las agujas microtex son tambi\u00e9n muy indicadas para realizar trabajos de aplicaci\u00f3n invisible.<\/p>\n","protected":false},"excerpt":{"rendered":"<p>130\/705H Microtex<\/p>\n<p>Aguja plana para m\u00e1quina de coser dom\u00e9sticas. El sistema de agujas 130-705H es el que utilizan pr\u00e1cticamente todas las marcas de m\u00e1quinas de cose<\/p>\n","protected":false},"featured_media":888,"comment_status":"open","ping_status":"closed","template":"","meta":[],"product_brand":[],"product_cat":[86],"product_tag":[],"class_list":{"0":"post-867","1":"product","2":"type-product","3":"status-publish","4":"has-post-thumbnail","6":"product_cat-agujas","8":"first","9":"instock","10":"taxable","11":"shipping-taxable","12":"product-type-variable"},"_links":{"self":[{"href":"https:\/\/macozag.com\/index.php?rest_route=\/wp\/v2\/product\/867","targetHints":{"allow":["GET"]}}],"collection":[{"href":"https:\/\/macozag.com\/index.php?rest_route=\/wp\/v2\/product"}],"about":[{"href":"https:\/\/macozag.com\/index.php?rest_route=\/wp\/v2\/types\/product"}],"replies":[{"embeddable":true,"href":"https:\/\/macozag.com\/index.php?rest_route=%2Fwp%2Fv2%2Fcomments&post=867"}],"wp:featuredmedia":[{"embeddable":true,"href":"https:\/\/macozag.com\/index.php?rest_route=\/wp\/v2\/media\/888"}],"wp:attachment":[{"href":"https:\/\/macozag.com\/index.php?rest_route=%2Fwp%2Fv2%2Fmedia&parent=867"}],"wp:term":[{"taxonomy":"product_brand","embeddable":true,"href":"https:\/\/macozag.com\/index.php?rest_route=%2Fwp%2Fv2%2Fproduct_brand&post=867"},{"taxonomy":"product_cat","embeddable":true,"href":"https:\/\/macozag.com\/index.php?rest_route=%2Fwp%2Fv2%2Fproduct_cat&post=867"},{"taxonomy":"product_tag","embeddable":true,"href":"https:\/\/macozag.com\/index.php?rest_route=%2Fwp%2Fv2%2Fproduct_tag&post=867"}],"curies":[{"name":"wp","href":"https:\/\/api.w.org\/{rel}","templated":true}]}}