{"id":834,"date":"2025-03-02T18:55:47","date_gmt":"2025-03-02T18:55:47","guid":{"rendered":"http:\/\/macozag.com\/?post_type=product&#038;p=834"},"modified":"2025-03-02T18:56:23","modified_gmt":"2025-03-02T18:56:23","slug":"brother-m380d","status":"publish","type":"product","link":"https:\/\/macozag.com\/?product=brother-m380d","title":{"rendered":"Brother M380D"},"content":{"rendered":"<p><strong>Caracter\u00edsticas<\/strong>:<br \/><strong>Pantalla t\u00e1ctil LCD<\/strong>\u00a0touchscreen<strong>\u00a03,7 pulgadas a color<\/strong>: Administra todas las funciones, con un simple toque de la pantalla t\u00e1ctil a color LCD de 9,4 cm. Su calidad de visualizaci\u00f3n te sorprender\u00e1 (432 x 240 p\u00edxeles).<br \/><strong>Luz LED<\/strong>: La luz, brillante pero no agresiva, te ayuda en los trabajos en tejidos oscuros.<br \/><strong>Sensor del hilo:<\/strong>\u00a0dispone de sensores de hilos superior e inferior en caso de ruptura o fin del hilo.<br \/><strong>Cortah\u00edlos autom\u00e1tico:<\/strong>\u00a0corta autom\u00e1ticamente el hilo inferior y superior, presionando la tecla.<br \/><strong>Enhebrador Autom\u00e1tico:<\/strong>\u00a0Sistema avanzado de f\u00e1cil enhebrado de agujas. Sigue la gu\u00eda del hilo y presiona la palanca, el hilo superior pasar\u00e1 r\u00e1pidamente por el ojo de la aguja.<br \/>Bobina a inserci\u00f3n r\u00e1pida.<br \/>Sistema de devanado autom\u00e1tico de la bobina.<br \/>Permite Combinar bordados y editarlos en la pantalla.<br \/>Bot\u00f3n Posicionador de Aguja Arriba\/ Abajo.<br \/>Canillero Horizontal para f\u00e1cil enhebrado.<br \/><strong>Caracter\u00edsticas de COSTURA<\/strong>:<br \/><strong>181 puntadas diferentes<\/strong>.<br \/><strong>10 ojales Autom\u00e1ticos<\/strong>.<br \/><strong>4 alfabeto<\/strong>s: para escribir nombres, monogramas, personalizaciones, etc.<br \/><strong>7 dientes de arrastre:<\/strong>\u00a0para un arrastre uniforme con un resultado de alta calidad tambi\u00e9n en tejidos de diferentes grosores.<br \/><strong>Velocidad<\/strong>\u00a0de hasta\u00a0<strong>850 puntadas por minuto<\/strong>.<br \/>My Costum Stich: te permite dise\u00f1ar tus propios puntos.<br \/><strong>Regulador de la velocidad<\/strong>.<br \/>Bot\u00f3n de\u00a0<strong>Agua Arriba \/ Abajo<\/strong>.<br \/>Bot\u00f3n de\u00a0<strong>remate\/ retroceso<\/strong>: la m\u00e1quina remata autom\u00e1ticamente al principio y al final de la costura.<br \/>Funci\u00f3n espejo y combinaci\u00f3n: para combinar las varias puntadas y realizar decoraciones \u00fanicas.<br \/><strong>Bot\u00f3n de Bajada de Dientes<\/strong>, muy \u00fatil para acolchado o bordado.<br \/>Pr\u00e9nsatelas a desenganche r\u00e1pido: cambiar el pr\u00e9nsatelas nunca ha sido tan f\u00e1cil y r\u00e1pido<br \/><strong>Tapa R\u00edgida<\/strong>: para protegerla cuando no se usa.<\/p>\n<p><strong>Caracter\u00edsticas de BORDADO:<\/strong><br \/><strong>200 bordados<\/strong>, 65 Personajes DISNEY (<a href=\"https:\/\/electro365.es\/index.php?controller=attachment&amp;id_attachment=295\" target=\"_blank\" rel=\"noreferrer noopener\">Ver Dise\u00f1os Disney<\/a>).<br \/><strong>10 fuentes de alfabeto<\/strong>\u00a0incluidas.<br \/>10 Marcos y Escudos incluidos.<br \/><strong>\u00c1rea<\/strong>\u00a0de bordado\u00a0<strong>100x100mm (10&#215;10 cm)<\/strong>.<br \/><strong>Conexi\u00f3n USB para importar bordado<\/strong>:\u00a0 Puedes a\u00f1adir m\u00e1s bordados a la m\u00e1quina, presionando simplemente un bot\u00f3n.<br \/><strong>Conexi\u00f3n LAN Inal\u00e1mbrica Habilitada -WIFI-<\/strong>\u00a0(Solo para Windows): Agregue patrones, trasfiera bordados, reciba notificaciones de actualizaci\u00f3n y con\u00e9ctese al centro creativo Artspira.\u00a0<br \/><strong>Velocidad<\/strong>\u00a0400 puntadas por minutos.<br \/>Funciones de edici\u00f3n en la pantalla.<br \/><strong>Accesorios<\/strong>:<br \/><strong>Bastidor<\/strong>\u00a0de 100 x 100 mm (<strong>10&#215;10 cm<\/strong>).<br \/>Prensatelas para zig-zag J<br \/>Prensatelas de sobrehilado G.<br \/>Prensatelas para monogramas N.<br \/>Prensatelas para cremalleras I.<br \/>Prensatelas de puntada invisible R.<br \/>Prensatelas especial para botones M<br \/>Prensatelas para ojales A.<br \/>Prensatelas para bordado Q<br \/>Juego de agujas<br \/>Aguja gemela<br \/>2 Canillas.<br \/>3 Canillas Pre-devanadas.<br \/>Grapas de la bobina<br \/>Abre ojales<br \/>Tijeras<br \/>Cepillo de limpieza.<br \/>L\u00e1piz calador<br \/>Destornillador de disco<br \/>Portacarrete adicional<br \/>Tapa carrete grande.<br \/>Tapa carrete mediana.<br \/>Tapa carrete peque\u00f1a.<br \/>Inserci\u00f3n del carrete de hilo<br \/>Caja de la bobina en la m\u00e1quina<br \/>Red para carrete<br \/>Bolsa de accesorios<br \/>Manual de instrucciones.<br \/>Gu\u00eda r\u00e1pida<br \/>Gu\u00eda de dise\u00f1os de bordado<br \/><strong>Pedal<\/strong>.<br \/>Cable de alimentaci\u00f3n.<br \/><strong>Tapa r\u00edgida:<\/strong>\u00a0para protegerla cuando no se usa.<\/p>\n","protected":false},"excerpt":{"rendered":"<p>M\u00e1quina de Coser y Bordar Brother\u00a0<strong>M380D<\/strong>\u00a0<strong>Disney<\/strong>, incluye m\u00e1s de 180 puntadas en COSTURA, 10 ojales y 4 alfabetos, etc.<\/p>\n","protected":false},"featured_media":882,"comment_status":"open","ping_status":"closed","template":"","meta":[],"product_brand":[],"product_cat":[83],"product_tag":[],"class_list":{"0":"post-834","1":"product","2":"type-product","3":"status-publish","4":"has-post-thumbnail","6":"product_cat-brother-domesticas","8":"first","9":"instock","10":"taxable","11":"shipping-taxable","12":"product-type-simple"},"_links":{"self":[{"href":"https:\/\/macozag.com\/index.php?rest_route=\/wp\/v2\/product\/834","targetHints":{"allow":["GET"]}}],"collection":[{"href":"https:\/\/macozag.com\/index.php?rest_route=\/wp\/v2\/product"}],"about":[{"href":"https:\/\/macozag.com\/index.php?rest_route=\/wp\/v2\/types\/product"}],"replies":[{"embeddable":true,"href":"https:\/\/macozag.com\/index.php?rest_route=%2Fwp%2Fv2%2Fcomments&post=834"}],"wp:featuredmedia":[{"embeddable":true,"href":"https:\/\/macozag.com\/index.php?rest_route=\/wp\/v2\/media\/882"}],"wp:attachment":[{"href":"https:\/\/macozag.com\/index.php?rest_route=%2Fwp%2Fv2%2Fmedia&parent=834"}],"wp:term":[{"taxonomy":"product_brand","embeddable":true,"href":"https:\/\/macozag.com\/index.php?rest_route=%2Fwp%2Fv2%2Fproduct_brand&post=834"},{"taxonomy":"product_cat","embeddable":true,"href":"https:\/\/macozag.com\/index.php?rest_route=%2Fwp%2Fv2%2Fproduct_cat&post=834"},{"taxonomy":"product_tag","embeddable":true,"href":"https:\/\/macozag.com\/index.php?rest_route=%2Fwp%2Fv2%2Fproduct_tag&post=834"}],"curies":[{"name":"wp","href":"https:\/\/api.w.org\/{rel}","templated":true}]}}