{"id":827,"date":"2025-03-02T18:55:46","date_gmt":"2025-03-02T18:55:46","guid":{"rendered":"http:\/\/macozag.com\/?post_type=product&#038;p=827"},"modified":"2025-03-02T18:56:06","modified_gmt":"2025-03-02T18:56:06","slug":"brother-v3le","status":"publish","type":"product","link":"https:\/\/macozag.com\/?product=brother-v3le","title":{"rendered":"Brother V3LE"},"content":{"rendered":"<p>M\u00e1quina de bordar de alta potencia y asequible. La\u00a0<strong>Brother Innovis V3 LE<\/strong>\u00a0tiene una extensa\u00a0<strong>\u00e1rea de 300 x 200mm<\/strong>\u00a0(30 x 20 cm), que le permite crear grandes dise\u00f1os sin necesidad de complejos bastidores . Su alta velocidad de trabajo, hasta 1050 puntadas por minuto, te permitir\u00e1 producir hermosos bordados m\u00e1s r\u00e1pido que nunca. Una amplia selecci\u00f3n de fuentes incorporadas hace que sea f\u00e1cil personalizar y decorar tus proyectos y embellecer trabajos con la hermosa fuente floral.<\/p>\n<p>Dise\u00f1o editable desde su maravillosa pantalla. Puedes combinar, gira, reducir y ampliar desde la pantalla t\u00e1ctil; simplemente tendr\u00e1s que arrastrar y soltar el patr\u00f3n de bordado para cambio de posicionamiento. Pantalla LED con vistas previas a todo color, control total para crear dise\u00f1os sofisticados de forma r\u00e1pida y sencilla.<\/p>\n<p>Importa de forma instant\u00e1nea a trav\u00e9s del<strong>\u00a0puerto USB incorporado<\/strong>. Basta con insertar un USB (Pen Drive) o conectar la m\u00e1quina Innovis directamente a tu PC , para enviar tus dise\u00f1os de bordado a la m\u00e1quina.<br \/><strong>Caracter\u00edsticas<\/strong>:<br \/>M\u00e1quina Bordadora con Pantalla T\u00e1ctil a todo Color.<br \/><strong>224 dise\u00f1os<\/strong>\u00a0de bordados incorporados (ver).<br \/><strong>17 fuentes de letras<\/strong>\u00a0(2 de ellas cir\u00edlicas y 3 japonesas).<br \/>Incluye\u00a0<strong>doble puerto USB<\/strong>\u00a0para a\u00f1adir los bordados que quiera: este modelo acepta los formatos de bordado DST y PES.<br \/><strong>\u00c1rea<\/strong>\u00a0de bordado de<strong>\u00a020 cm x 30cm<\/strong>.<br \/>Incluye 2 tama\u00f1os de bastidores (Bastidor 300x180mm y Bastidor 300x200mm).<br \/>Pantalla t\u00e1ctil LCD Touchscreen 260.000 colores, 7 pulgadas y 13 idiomas seleccionables.<br \/><strong>Puntero LED:<\/strong>\u00a0la maquina emite un punto LED que permite elegir la posici\u00f3n precisa, viendo exactamente donde va caer la aguja.<br \/><strong>Doble LUZ LED<\/strong>\u00a0(Emite una luz natural para ver los colores y puntadas al detalle).<br \/>Enhebrador autom\u00e1tico de aguja.<br \/><strong>Velocidad<\/strong>\u00a0m\u00e1xima\u00a0<strong>1050 p.p.m<\/strong>. regulable seg\u00fan las necesidades del dise\u00f1o<br \/>Cortah\u00edlos autom\u00e1tico y manual.<br \/>Ajuste\u00a0<strong>autom\u00e1tico de la tensi\u00f3n<\/strong>\u00a0del hilo.<br \/>C\u00f3modos Botones centrales que te permiten\u00a0 cortar el hilo, posicionar la aguja y levantar el pie prensatelas.<br \/>Bot\u00f3n Posicionador de Aguja.<br \/><strong>Sensor de Hilo<\/strong>\u00a0(informan cuando un hilo superior y de la canilla se rompe o est\u00e1 a punto de agotarse).<br \/>Subida y bajada del pr\u00e9nsatelas autom\u00e1tico.<br \/>Devenador Independiente de la Bobina: puede incorporar una nueva bobina mientras sigue bordando.<br \/>Reconoce autom\u00e1ticamente los bastidores.<br \/><strong>Placa de Aguja Mejorada<\/strong>: la nueva forma de la placa de aguja garantiza una calidad de bordado mayor.<br \/>Instrucciones y V\u00eddeos en la Pantalla.<br \/><strong>Accesorios<\/strong>:<br \/>Prensatelas de bordado W+ \u00abcon puntero LED (en la m\u00e1quina).<br \/>Prensatelas de bordado W.<br \/><strong>Bastidor Extra Grande 300x200mm (30&#215;20 cm).<\/strong><br \/><strong>Bastidor 200x200mm (20&#215;20 cm).<\/strong><br \/>Juego de agujas.<br \/>Juego de agujas de punto redonda.<br \/>Canillas (10 unidades).<br \/>Abreojales<br \/>Tijeras<br \/>Cepillo de limpieza<br \/>Destornillador peque\u00f1o<br \/>Destornillador grande<br \/>Destornillador en forma de disco.<br \/>Portabobina Vertical.<br \/>Tapa de carrete peque\u00f1a.<br \/>Tapas de carrete medianas (2).<br \/>Tapa del carrete grande.<br \/>Tapa del carrete especial.<br \/>2 redes del carrete.<br \/>Cubierta de la placa de la aguja de bordado.<br \/>L\u00e1piz t\u00e1ctil.<br \/>Cable USB.<br \/>Caja de Bobina (puesto en la m\u00e1quina).<br \/>Bobina de Hilo Brother Poly 90.<br \/>Material Estabilizador.<br \/>Funda para el polvo.<br \/>Bolsa de accesorios<br \/>Manual de instrucciones<br \/>Gu\u00eda de referencia r\u00e1pida<\/p>\n","protected":false},"excerpt":{"rendered":"<p>Esta m\u00e1quina de bordar Brother V3LE ofrece una variedad de funciones para crear dise\u00f1os de bordado profesionales y de alta calidad. Esta m\u00e1quina tambi\u00e9n cuenta con una pantalla LCD intuitiva para una f\u00e1cil navegaci\u00f3n.<\/p>\n","protected":false},"featured_media":857,"comment_status":"open","ping_status":"closed","template":"","meta":[],"product_brand":[],"product_cat":[83],"product_tag":[],"class_list":{"0":"post-827","1":"product","2":"type-product","3":"status-publish","4":"has-post-thumbnail","6":"product_cat-brother-domesticas","8":"first","9":"instock","10":"taxable","11":"shipping-taxable","12":"product-type-simple"},"_links":{"self":[{"href":"https:\/\/macozag.com\/index.php?rest_route=\/wp\/v2\/product\/827","targetHints":{"allow":["GET"]}}],"collection":[{"href":"https:\/\/macozag.com\/index.php?rest_route=\/wp\/v2\/product"}],"about":[{"href":"https:\/\/macozag.com\/index.php?rest_route=\/wp\/v2\/types\/product"}],"replies":[{"embeddable":true,"href":"https:\/\/macozag.com\/index.php?rest_route=%2Fwp%2Fv2%2Fcomments&post=827"}],"wp:featuredmedia":[{"embeddable":true,"href":"https:\/\/macozag.com\/index.php?rest_route=\/wp\/v2\/media\/857"}],"wp:attachment":[{"href":"https:\/\/macozag.com\/index.php?rest_route=%2Fwp%2Fv2%2Fmedia&parent=827"}],"wp:term":[{"taxonomy":"product_brand","embeddable":true,"href":"https:\/\/macozag.com\/index.php?rest_route=%2Fwp%2Fv2%2Fproduct_brand&post=827"},{"taxonomy":"product_cat","embeddable":true,"href":"https:\/\/macozag.com\/index.php?rest_route=%2Fwp%2Fv2%2Fproduct_cat&post=827"},{"taxonomy":"product_tag","embeddable":true,"href":"https:\/\/macozag.com\/index.php?rest_route=%2Fwp%2Fv2%2Fproduct_tag&post=827"}],"curies":[{"name":"wp","href":"https:\/\/api.w.org\/{rel}","templated":true}]}}