{"id":765,"date":"2025-03-02T18:54:33","date_gmt":"2025-03-02T18:54:33","guid":{"rendered":"http:\/\/macozag.com\/?post_type=product&#038;p=765"},"modified":"2025-10-09T08:36:46","modified_gmt":"2025-10-09T08:36:46","slug":"elna-664pro","status":"publish","type":"product","link":"https:\/\/macozag.com\/?product=elna-664pro","title":{"rendered":"ELNA Modelo 664PRO owerlock 4 hilos"},"content":{"rendered":"<div class=\"descLeft\"><b><span dir=\"auto\">Caracter\u00edsticas<\/span><\/b><\/p>\n<ul>\n<li><span dir=\"auto\">4\/3\/2 hilos<\/span><\/li>\n<li><span dir=\"auto\">Liberaci\u00f3n autom\u00e1tica de tensi\u00f3n de hilo.<\/span><\/li>\n<li><span dir=\"auto\">Selector de tensi\u00f3n insuficiente<\/span><\/li>\n<li><span dir=\"auto\">7 programas de puntada: para 4 hilos (puntada de seguridad, puntada de seguridad el\u00e1stica y fruncido) y para 3 hilos (sobrehilado, cordoncillo estrecho y cordoncillo enrollado)<\/span><\/li>\n<li><span dir=\"auto\">Panel de visualizaci\u00f3n de programas integrados.<\/span><\/li>\n<li><span dir=\"auto\">Placa aguja de repulgo incorporada<\/span><\/li>\n<li><span dir=\"auto\">Gu\u00eda de enhebrado por colores<\/span><\/li>\n<li><span dir=\"auto\">Tabla de enhebrado<\/span><\/li>\n<li><span dir=\"auto\">Soporte de agujas inclinable, facilita el enhebrado<\/span><\/li>\n<li><span dir=\"auto\">Antena gu\u00eda hilos<\/span><\/li>\n<li><span dir=\"auto\">Iluminaci\u00f3n por LED<\/span><\/li>\n<li><span dir=\"auto\">Ancho del corte ajustable de 3 mm a 7 mm<\/span><\/li>\n<li><span dir=\"auto\">Longitud de punta ajustable de 1 a 5 mm<\/span><\/li>\n<li><span dir=\"auto\">Ajuste de arrastre diferencial 0,5 a 2,25<\/span><\/li>\n<li><span dir=\"auto\">Auto enhebrado del \u00e1ncora inferior<\/span><\/li>\n<li><span dir=\"auto\">Puntada de sobrehilado recubierta<\/span><\/li>\n<li><span dir=\"auto\">Puntada de repulgo instant\u00e1neo<\/span><\/li>\n<li><span dir=\"auto\">Cuchilla superior retr\u00e1ctil<\/span><\/li>\n<li><span dir=\"auto\">Ajuste de presi\u00f3n de prensatelas<\/span><\/li>\n<li><span dir=\"auto\">Prensatelas f\u00e1cilmente intercambiables sistema Snap on<\/span><\/li>\n<li><span dir=\"auto\">4 topes de bobina<\/span><\/li>\n<li><span dir=\"auto\">Cuchilla cortah\u00edlos integrada<\/span><\/li>\n<li><span dir=\"auto\">Sistema de seguridad<\/span><\/li>\n<li><span dir=\"auto\">Velocidad de costura regulable hasta 1300 ppm<\/span><\/li>\n<\/ul>\n<\/div>\n<div class=\"descRight\"><b><span dir=\"auto\">Accesorios est\u00e1ndar<\/span><\/b><\/p>\n<ul>\n<li><span dir=\"auto\">Convertidor a 2 hilos integrado<\/span><\/li>\n<li><span dir=\"auto\">Bandeja de residuos<\/span><\/li>\n<li><span dir=\"auto\">Caja de accesorios exclusiva<\/span><\/li>\n<li><span dir=\"auto\">Compartimento de almacenaje integrado<\/span><\/li>\n<li><span dir=\"auto\">Surtido de agujas<\/span><\/li>\n<li><span dir=\"auto\">Destornillador grande<\/span><\/li>\n<li><span dir=\"auto\">Destornillador peque\u00f1o<\/span><\/li>\n<li><span dir=\"auto\">Llave inglesa<\/span><\/li>\n<li><span dir=\"auto\">Bloqueador de tensi\u00f3n<\/span><\/li>\n<li><span dir=\"auto\">Gu\u00eda hilo opcional<\/span><\/li>\n<li><span dir=\"auto\">Pinzas<\/span><\/li>\n<li><span dir=\"auto\">Enhebrador de agujas<\/span><\/li>\n<li><span dir=\"auto\">Cuchilla superior<\/span><\/li>\n<li><span dir=\"auto\">Funda de protecci\u00f3n<\/span><\/li>\n<\/ul>\n<\/div>\n","protected":false},"excerpt":{"rendered":"<p>Descubre el mundo del remallado con operaciones mucho m\u00e1s sencillas de lo que pensamos. Permite pulir los m\u00e1rgenes de costura y crear dobladillos, todo en un \u00fanico paso.<\/p>\n","protected":false},"featured_media":1267,"comment_status":"open","ping_status":"closed","template":"","meta":[],"product_brand":[],"product_cat":[82,22],"product_tag":[],"class_list":{"0":"post-765","1":"product","2":"type-product","3":"status-publish","4":"has-post-thumbnail","6":"product_cat-elna","7":"product_cat-domesticas","9":"first","10":"instock","11":"sale","12":"taxable","13":"shipping-taxable","14":"purchasable","15":"product-type-simple"},"_links":{"self":[{"href":"https:\/\/macozag.com\/index.php?rest_route=\/wp\/v2\/product\/765","targetHints":{"allow":["GET"]}}],"collection":[{"href":"https:\/\/macozag.com\/index.php?rest_route=\/wp\/v2\/product"}],"about":[{"href":"https:\/\/macozag.com\/index.php?rest_route=\/wp\/v2\/types\/product"}],"replies":[{"embeddable":true,"href":"https:\/\/macozag.com\/index.php?rest_route=%2Fwp%2Fv2%2Fcomments&post=765"}],"wp:featuredmedia":[{"embeddable":true,"href":"https:\/\/macozag.com\/index.php?rest_route=\/wp\/v2\/media\/1267"}],"wp:attachment":[{"href":"https:\/\/macozag.com\/index.php?rest_route=%2Fwp%2Fv2%2Fmedia&parent=765"}],"wp:term":[{"taxonomy":"product_brand","embeddable":true,"href":"https:\/\/macozag.com\/index.php?rest_route=%2Fwp%2Fv2%2Fproduct_brand&post=765"},{"taxonomy":"product_cat","embeddable":true,"href":"https:\/\/macozag.com\/index.php?rest_route=%2Fwp%2Fv2%2Fproduct_cat&post=765"},{"taxonomy":"product_tag","embeddable":true,"href":"https:\/\/macozag.com\/index.php?rest_route=%2Fwp%2Fv2%2Fproduct_tag&post=765"}],"curies":[{"name":"wp","href":"https:\/\/api.w.org\/{rel}","templated":true}]}}