{"id":757,"date":"2025-03-02T18:54:31","date_gmt":"2025-03-02T18:54:31","guid":{"rendered":"http:\/\/macozag.com\/?post_type=product&#038;p=757"},"modified":"2025-03-02T18:55:28","modified_gmt":"2025-03-02T18:55:28","slug":"bernina-535","status":"publish","type":"product","link":"https:\/\/macozag.com\/?product=bernina-535","title":{"rendered":"BERNINA 535"},"content":{"rendered":"<p><img loading=\"lazy\" decoding=\"async\" width=\"540\" height=\"540\" src=\"https:\/\/www.xn--berninaespaa-khb.com\/wp-content\/uploads\/2019\/02\/BERNINA535-5.jpg\" alt=\"\"><br \/>Presi\u00f3n ideal en todo momento.<br \/>Costura f\u00e1cil en todo tipo de tejidos.<br \/>Posibilidad de aumentar la presi\u00f3n para tejidos finos.<br \/>Posibilidad de bajar la presi\u00f3n para tejidos gruesos.<br \/>Asegura que la presi\u00f3n sea siempre ideal con la puntada seleccionada. Los ajustes b\u00e1sicos se pueden cambiar individualmente.<br \/><img loading=\"lazy\" decoding=\"async\" width=\"540\" height=\"540\" src=\"https:\/\/www.xn--berninaespaa-khb.com\/wp-content\/uploads\/2019\/02\/BERNINA535-6.jpg\" alt=\"\"><br \/>La tensi\u00f3n ideal para obtener puntadas perfectas<br \/>Costura precisa y potente.<br \/>Coser sin problemas.<br \/>Hermosos bordados<br \/>Gracias a la tensi\u00f3n del hilo adaptable, las puntadas siempre quedan perfectas. Con una tensi\u00f3n \u00f3ptima del hilo se obtienen puntadas de calidad en ambos lados de la tela.<br \/><img loading=\"lazy\" decoding=\"async\" width=\"540\" height=\"540\" src=\"https:\/\/www.xn--berninaespaa-khb.com\/wp-content\/uploads\/2019\/02\/BERNINA535-7.jpg\" alt=\"\"><br \/>M\u00e1s espacio para mayor libertad de creaci\u00f3n.<br \/>Trabaja en grandes obras con facilidad.<br \/>Espacio suficiente para tus creaciones.<br \/>M\u00f3dulo de bordado opcional.<br \/>El brazo libre tiene un tama\u00f1o de 21,6 cm a la derecha de la aguja. El gran espacio de costura perminte realizar trabajos de gran formato.<br \/><img loading=\"lazy\" decoding=\"async\" width=\"540\" height=\"540\" src=\"https:\/\/www.xn--berninaespaa-khb.com\/wp-content\/uploads\/2019\/02\/BERNINA535-8.jpg\" alt=\"\"><br \/>Recibe consejos directamente en la pantalla<br \/>Moderna pantalla t\u00e1ctil a color.<br \/>Navegaci\u00f3n simple, f\u00e1cil de usar<br \/>Asesoramiento directamente en la pantalla cuando sea necesario<br \/>El Asistente de costura te ayuda a encontrar la configuraci\u00f3n correcta. Establece los cambios recomendados r\u00e1pidamente gracias al bot\u00f3n multifunci\u00f3n.<br \/><img loading=\"lazy\" decoding=\"async\" width=\"540\" height=\"540\" src=\"https:\/\/www.xn--berninaespaa-khb.com\/wp-content\/uploads\/2019\/02\/BERNINA535-9.jpg\" alt=\"\"><br \/>M\u00e1s silencio. M\u00e1s velocidad. M\u00e1s autonom\u00eda. M\u00e1s calidad.<br \/>Para coser puntadas perfectas con un ancho de 5,5 mm.<br \/>Canillero Jumbo para coser durante m\u00e1s tiempo.<br \/>C\u00f3moda colocaci\u00f3n frontal de la canilla.El garfio BERNINA garantiza la regularidad y precisi\u00f3n de la puntada a una velocidad m\u00e1xima de 1.000 puntadas por minuto.<br \/><img loading=\"lazy\" decoding=\"async\" width=\"540\" height=\"540\" src=\"https:\/\/www.xn--berninaespaa-khb.com\/wp-content\/uploads\/2019\/02\/BERNINA535-10.jpg\" alt=\"\"><br \/>Las caracter\u00edsticas automatizadas ahorran tiempo<br \/>Sin corte manual del hilo<br \/>Corta el hilo con solo pulsar un bot\u00f3n<br \/>Ahorra tiempo para tu creatividad.<br \/>Gracias al cortahilos autom\u00e1tico, los hilos se cortan autom\u00e1ticamente y se levanta la aguja en una sola operaci\u00f3n.<\/p>\n","protected":false},"excerpt":{"rendered":"<p><span style=\"font-family: Frutiger, Roboto;font-size: 14px\">Con su ancho de puntada de 5,5 mm, la B 535 es ideal para coser telas finas y patchwork. Sus 1,048 hermosas puntadas y 5 alfabetos te permitir\u00e1n personalizar tus proyectos favoritos.<\/span><\/p>\n","protected":false},"featured_media":806,"comment_status":"open","ping_status":"closed","template":"","meta":[],"product_brand":[],"product_cat":[81],"product_tag":[],"class_list":{"0":"post-757","1":"product","2":"type-product","3":"status-publish","4":"has-post-thumbnail","6":"product_cat-bernina","8":"first","9":"instock","10":"taxable","11":"shipping-taxable","12":"product-type-simple"},"_links":{"self":[{"href":"https:\/\/macozag.com\/index.php?rest_route=\/wp\/v2\/product\/757","targetHints":{"allow":["GET"]}}],"collection":[{"href":"https:\/\/macozag.com\/index.php?rest_route=\/wp\/v2\/product"}],"about":[{"href":"https:\/\/macozag.com\/index.php?rest_route=\/wp\/v2\/types\/product"}],"replies":[{"embeddable":true,"href":"https:\/\/macozag.com\/index.php?rest_route=%2Fwp%2Fv2%2Fcomments&post=757"}],"wp:featuredmedia":[{"embeddable":true,"href":"https:\/\/macozag.com\/index.php?rest_route=\/wp\/v2\/media\/806"}],"wp:attachment":[{"href":"https:\/\/macozag.com\/index.php?rest_route=%2Fwp%2Fv2%2Fmedia&parent=757"}],"wp:term":[{"taxonomy":"product_brand","embeddable":true,"href":"https:\/\/macozag.com\/index.php?rest_route=%2Fwp%2Fv2%2Fproduct_brand&post=757"},{"taxonomy":"product_cat","embeddable":true,"href":"https:\/\/macozag.com\/index.php?rest_route=%2Fwp%2Fv2%2Fproduct_cat&post=757"},{"taxonomy":"product_tag","embeddable":true,"href":"https:\/\/macozag.com\/index.php?rest_route=%2Fwp%2Fv2%2Fproduct_tag&post=757"}],"curies":[{"name":"wp","href":"https:\/\/api.w.org\/{rel}","templated":true}]}}