{"id":753,"date":"2025-03-02T18:54:30","date_gmt":"2025-03-02T18:54:30","guid":{"rendered":"http:\/\/macozag.com\/?post_type=product&#038;p=753"},"modified":"2025-03-02T18:55:16","modified_gmt":"2025-03-02T18:55:16","slug":"bernina-735","status":"publish","type":"product","link":"https:\/\/macozag.com\/?product=bernina-735","title":{"rendered":"BERNINA 735"},"content":{"rendered":"<p>BERNINA 720 \u2013 confortable, intuitiva e inspiradora<br \/>Haz realidad todos tus sue\u00f1os de costura con la BERNINA 735<br \/>La BERNINA 735 ha seducido al dise\u00f1ador suizo Mathias Ackermann desde el primer momento: \u201cMe gusta trabajar con el BERNINA 735 y no s\u00f3lo debido a su avanzada tecnolog\u00eda: me encantan funciones como el enhebrador o el regulador de puntada BERNINA (opcional en este modelo). \u00abSu versatilidad me inspira y me hace querer probar nuevas ideas y su facilidad de uso es genial, porque tambi\u00e9n puedo coser en telas finas\u00bb.<br \/><img loading=\"lazy\" decoding=\"async\" width=\"800\" height=\"534\" src=\"https:\/\/www.xn--berninaespaa-khb.com\/wp-content\/uploads\/2019\/02\/B720_Widget-1024x683.jpg\" alt=\"\"><br \/><img loading=\"lazy\" decoding=\"async\" width=\"540\" height=\"540\" src=\"https:\/\/www.xn--berninaespaa-khb.com\/wp-content\/uploads\/2019\/02\/BERNINA720-5.jpg\" alt=\"\"><br \/>El garfio BERNINA<br \/>La pieza central de la serie 7 de BERNINA est\u00e1 equipada con una nueva transmisi\u00f3n que hace que el garfio BERNINA sea particularmente silencioso y favorece el funcionamiento regular. Dos levas oscilantes garantizan el suave avance del hilo y un funcionamiento especialmente silencioso a una velocidad de 1000 puntadas por minuto mientras que ofrece un ancho de puntada de hasta 5,5 m para el modelo B735.<br \/>La canilla BERNINA alberga hasta un 70% m\u00e1s de hilo que una canilla est\u00e1ndar. Una canilla llena garantiza m\u00e1s tiempo de costura sin interrupciones.<br \/>Brazo libre extra largo para grandes ideas<br \/>La serie 7 de BERNINA se caracteriza por un brazo libre extra largo que representa una superficie de 254 mm a la derecha de la aguja. BERNINA 735 ofrece no s\u00f3lo un espacio generoso para coser grandes proyectos, sino tambi\u00e9n un ancho de puntada de 5,5 mm ideal para peque\u00f1os trabajos de costura y para la costura de cremalleras.<br \/>El m\u00f3dulo de bordado (opcional) permite realizar bordados de gran tama\u00f1o.<br \/>La gran cantidad de accesorios que incluye la 735 BERNINA permite satisfacer las necesidades creativas.<br \/><img loading=\"lazy\" decoding=\"async\" width=\"540\" height=\"540\" src=\"https:\/\/www.xn--berninaespaa-khb.com\/wp-content\/uploads\/2019\/02\/BERNINA720-6.jpg\" alt=\"\"><br \/><img loading=\"lazy\" decoding=\"async\" width=\"540\" height=\"540\" src=\"https:\/\/www.xn--berninaespaa-khb.com\/wp-content\/uploads\/2019\/02\/BERNINA720-7.jpg\" alt=\"\"><br \/>Control absoluto de la puntada<br \/>Todos los modelos de la serie 7 de BERNINA est\u00e1n equipados con un control absoluto sobre la puntada. La longitud de la puntada, el ancho y la posici\u00f3n de la aguja se modifican individualmente. Todos los ajustes individuales se pueden guardar y luego recordar en cualquier momento posterior. Importaci\u00f3n y exportaci\u00f3n de puntadas y dise\u00f1os se realiza a trav\u00e9s de la conexi\u00f3n USB.<br \/>Enhebrador semiautom\u00e1tico<br \/>Destacamos en la BERNINA 735 la facilidad de uso y el car\u00e1cter intuitivo del software de la m\u00e1quina. El asesor de costura responde a tus preguntas directamente en la pantalla.<br \/>La gu\u00eda de costura muestra los pasos importantes a seguir para hacer tu trabajo, en forma de peque\u00f1as animaciones.<br \/><img loading=\"lazy\" decoding=\"async\" width=\"540\" height=\"540\" src=\"https:\/\/www.xn--berninaespaa-khb.com\/wp-content\/uploads\/2019\/02\/BERNINA720-8.jpg\" alt=\"\"><br \/><img loading=\"lazy\" decoding=\"async\" width=\"540\" height=\"540\" src=\"https:\/\/www.xn--berninaespaa-khb.com\/wp-content\/uploads\/2019\/02\/BERNINA720-9.jpg\" alt=\"\"><br \/>Tensi\u00f3n adaptativa BERNINA<br \/>Esta innovaci\u00f3n de BERNINA garantiza una tensi\u00f3n \u00f3ptima del hilo durante la costura, as\u00ed como una perfecta formaci\u00f3n de puntadas en ambos lados de la tela. Despu\u00e9s de ajustar manualmente la tensi\u00f3n del hilo a la tela y el hilo seleccionados, la funci\u00f3n autom\u00e1tica de comprobaci\u00f3n adaptativa de la tensi\u00f3n del hilo BERNINA verifica continuamente la tensi\u00f3n del hilo y, si es necesario, la adapta autom\u00e1ticamente sin que te des cuenta. El resultado as\u00ed obtenido ser\u00e1n una magn\u00edfica costura y bordado.<br \/>Bordado-r\u00e1pido y correcto<br \/>Vers\u00e1til, la BERNINA 735 tambi\u00e9n sabe c\u00f3mo bordar. El paso al modo de bordado se hace directamente en la pantalla t\u00e1ctil. En el modo de bordado, es posible colocar patrones, volarlos, girarlos y escalarlos.<br \/>Cambia los colores de tu patr\u00f3n y gu\u00e1rdelo en tu m\u00e1quina o en una memoria USB. La conexi\u00f3n USB permite descargar patrones en la m\u00e1quina. La funci\u00f3n de verificaci\u00f3n facilitar\u00e1 la colocaci\u00f3n exacta del patr\u00f3n antes de bordarlo.<br \/>El m\u00f3dulo de bordado se contempla como accesorio opcional en la BERNINA 735.<br \/>El nuevo Maxi Hoop permite la realizaci\u00f3n de motivos de bordado en una superficie m\u00e1xima de 40 \u00d7 21 cm. Este bastidor de bordado ha sido especialmente dise\u00f1ado para la serie 7 de BERNINA y se adquiere como una opci\u00f3n con la BERNINA 735.<br \/><img loading=\"lazy\" decoding=\"async\" width=\"540\" height=\"540\" src=\"https:\/\/www.xn--berninaespaa-khb.com\/wp-content\/uploads\/2019\/02\/BERNINA720-10.jpg\" alt=\"\"><br \/>.<\/p>\n","protected":false},"excerpt":{"rendered":"<p><span style=\"font-family: Frutiger, Roboto;font-size: 14px\">La BERNINA B 735 te seduce por su puntada de perfecta calidad, su brazo libre extra largo y los 5,5 mm de ancho de puntada. Es particularmente conveniente para la costura de precisi\u00f3n. El m\u00f3dulo de bordado est\u00e1 disponible como una opci\u00f3n.<\/span><\/p>\n","protected":false},"featured_media":794,"comment_status":"open","ping_status":"closed","template":"","meta":[],"product_brand":[],"product_cat":[81],"product_tag":[],"class_list":{"0":"post-753","1":"product","2":"type-product","3":"status-publish","4":"has-post-thumbnail","6":"product_cat-bernina","8":"first","9":"instock","10":"taxable","11":"shipping-taxable","12":"product-type-simple"},"_links":{"self":[{"href":"https:\/\/macozag.com\/index.php?rest_route=\/wp\/v2\/product\/753","targetHints":{"allow":["GET"]}}],"collection":[{"href":"https:\/\/macozag.com\/index.php?rest_route=\/wp\/v2\/product"}],"about":[{"href":"https:\/\/macozag.com\/index.php?rest_route=\/wp\/v2\/types\/product"}],"replies":[{"embeddable":true,"href":"https:\/\/macozag.com\/index.php?rest_route=%2Fwp%2Fv2%2Fcomments&post=753"}],"wp:featuredmedia":[{"embeddable":true,"href":"https:\/\/macozag.com\/index.php?rest_route=\/wp\/v2\/media\/794"}],"wp:attachment":[{"href":"https:\/\/macozag.com\/index.php?rest_route=%2Fwp%2Fv2%2Fmedia&parent=753"}],"wp:term":[{"taxonomy":"product_brand","embeddable":true,"href":"https:\/\/macozag.com\/index.php?rest_route=%2Fwp%2Fv2%2Fproduct_brand&post=753"},{"taxonomy":"product_cat","embeddable":true,"href":"https:\/\/macozag.com\/index.php?rest_route=%2Fwp%2Fv2%2Fproduct_cat&post=753"},{"taxonomy":"product_tag","embeddable":true,"href":"https:\/\/macozag.com\/index.php?rest_route=%2Fwp%2Fv2%2Fproduct_tag&post=753"}],"curies":[{"name":"wp","href":"https:\/\/api.w.org\/{rel}","templated":true}]}}