{"id":751,"date":"2025-03-02T18:54:30","date_gmt":"2025-03-02T18:54:30","guid":{"rendered":"http:\/\/macozag.com\/?post_type=product&#038;p=751"},"modified":"2025-09-29T17:13:24","modified_gmt":"2025-09-29T17:13:24","slug":"bernina-790-plus-modulo-de-bordado","status":"publish","type":"product","link":"https:\/\/macozag.com\/?product=bernina-790-plus-modulo-de-bordado","title":{"rendered":"BERNINA 790 PRO+ m\u00f3dulo de bordado"},"content":{"rendered":"<p>Descripci\u00f3n<br \/>\nBERNINA 790 (m\u00f3dulo de bordar incluido) cose y decora c\u00f3modamente las telas m\u00e1s finas<br \/>\nBERNINA 790 \u2013 la m\u00e1quina de coser y bordar ideal para dise\u00f1adores de moda<br \/>\nEl BERNINA 790 es para la dise\u00f1adora japonesa-suiza Kazu Huggler la m\u00e1quina perfecta para los materiales finos:<br \/>\n\u201cLa BERNINA 790 me ofrece un espacio especialmente generoso para el bordado de mis motivos, as\u00ed como una comodidad de uso excepcional. Mis sedas se deslizan perfectamente gracias al arrastre Dual de BERNINA\u201d.<br \/>\nKazu Huggler forma parte de la nueva generaci\u00f3n de dise\u00f1adores de moda internacionales. Ella dirige su taller bajo el sello de moda \u201cKAZU\u201d en Zurich. Hija de una madre japonesa y de un padre suizo, inspirada en sus ra\u00edces multiculturales, sus creaciones combinan el esteticismo japon\u00e9s con la calidad Suiza. El primer vestido de su colecci\u00f3n de moda nupcial naci\u00f3 con una BERNINA 790.<br \/>\n<img loading=\"lazy\" decoding=\"async\" src=\"https:\/\/www.xn--berninaespaa-khb.com\/wp-content\/uploads\/2019\/02\/BERNINA790MOD-5-1024x683.jpg\" alt=\"\" width=\"800\" height=\"534\" \/><br \/>\n<img loading=\"lazy\" decoding=\"async\" src=\"https:\/\/www.xn--berninaespaa-khb.com\/wp-content\/uploads\/2019\/02\/BERNINA790MOD-6.jpg\" alt=\"\" width=\"540\" height=\"540\" \/><br \/>\nEl garfio BERNINA<br \/>\nBERNINA presenta con el lanzamiento de la serie 7 una novedad mundial: el garfio BERNINA que une de una manera \u00fanica todas las ventajas de las dos mejores tecnolog\u00edas de garfios. Este sistema se haya patentado y representa una de las ultimas innovaciones de BERNINA. La pieza principal de la serie 7 est\u00e1 equipada con una nueva transmisi\u00f3n central que hace que el garfio BERNINA sea particularmente silencioso y permite una costura suave. Dos levas oscilantes garantizan el avance suave del hilo y una costura particularmente silenciosa a una velocidad de 1000 puntadas por minuto, ofreciendo un ancho de puntada de hasta 9 mm en la B 770 QE y B 790.<br \/>\nLa canilla BERNINA alberga hasta un 70% m\u00e1s de hilo que una canilla est\u00e1ndar. Se puede utilizar una canilla completa para coser m\u00e1s tiempo sin interrupciones. El garfio BERNINA est\u00e1 fabricado exclusivamente con materiales de alta calidad.<br \/>\nBrazo libre extra largo para grandes ideas<br \/>\nLa serie 7 de BERNINA cuenta con un brazo libre robusto extra largo que permite una superficie de trabajo de 254 mm a la derecha de la aguja.<\/p>\n<p>La BERNINA 790 ofrece no s\u00f3lo inmensas posibilidades para grandes y hermosos proyectos de costura y bordado, sino que tambi\u00e9n es ideal para la realizaci\u00f3n de puntadas decorativas gracias a su ancho de puntada de 9 mm.<\/p>\n<p>El m\u00f3dulo de bordado muy grande permite bordar motivos grandes. Una gama de accesorios enriquecer\u00e1 este modelo al ritmo de sus nuevas necesidades.<br \/>\n<img loading=\"lazy\" decoding=\"async\" src=\"https:\/\/www.xn--berninaespaa-khb.com\/wp-content\/uploads\/2019\/02\/BERNINA790MOD-7.jpg\" alt=\"\" width=\"540\" height=\"540\" \/><br \/>\n<img loading=\"lazy\" decoding=\"async\" src=\"https:\/\/www.xn--berninaespaa-khb.com\/wp-content\/uploads\/2019\/02\/BERNINA790MOD-8.jpg\" alt=\"\" width=\"540\" height=\"540\" \/><br \/>\nCreador de puntadas<br \/>\nLa BERNINA 790 ofrece una caracter\u00edstica innovadora: el dise\u00f1ador de puntadas. S\u00f3lo imagina tus puntadas y dib\u00fajalas directamente en la pantalla t\u00e1ctil. \u00a1As\u00ed de sencillo!.<\/p>\n<p>Con un solo clic, la B 790 transforma el dibujo en un patr\u00f3n de bordado. Tambi\u00e9n puede cambiar las puntadas ya existentes como desees. La grabaci\u00f3n de tus creaciones de puntadas enriquece continuamente la biblioteca incluida en la m\u00e1quina.<br \/>\nTensi\u00f3n adaptativa del hilo<br \/>\nEsta innovaci\u00f3n de BERNINA garantiza una tensi\u00f3n \u00f3ptima del hilo durante la costura, as\u00ed como una perfecta formaci\u00f3n de puntadas en ambos lados de la tela.<\/p>\n<p>Despu\u00e9s de ajustar manualmente la tensi\u00f3n del hilo a la tela y el hilo seleccionados, la funci\u00f3n autom\u00e1tica de comprobaci\u00f3n adaptativa de la tensi\u00f3n del hilo BERNINA verifica continuamente la tensi\u00f3n del hilo y, si es necesario, la adapta autom\u00e1ticamente sin que te des cuenta.<br \/>\nEl resultado as\u00ed obtenido ser\u00e1 una magn\u00edfica costura y bordado.<br \/>\n<img loading=\"lazy\" decoding=\"async\" src=\"https:\/\/www.xn--berninaespaa-khb.com\/wp-content\/uploads\/2019\/02\/BERNINA790MOD-9.jpg\" alt=\"\" width=\"540\" height=\"540\" \/><br \/>\n<img loading=\"lazy\" decoding=\"async\" src=\"https:\/\/www.xn--berninaespaa-khb.com\/wp-content\/uploads\/2019\/02\/BERNINA790MOD-10.jpg\" alt=\"\" width=\"540\" height=\"540\" \/><br \/>\nEl Regulador de puntadas BERNINA( BSR)<br \/>\nEl prensatelas BSR le ayuda durante la costura de acolchado libre ya sea en puntada recta o zigzag. Garantiza una longitud de puntada regular independientemente de la velocidad de costura.<\/p>\n<p>D\u00e1 seguridad a los principiantes y ofrece una seguridad renovada a los quilters experimentados.<\/p>\n<p>Entre los accesorios est\u00e1ndar de la BERNINA 790 se incluye prensatelas BSR.<\/p>\n<p>Arrastre Dual BERNINA<br \/>\nCon el innovador arrastre Dual de BERNINA la parte superior y la parte inferior de la tela avanzan regularmente.<\/p>\n<p>As\u00ed que incluso las telas lisas y finas se deslizan regularmente bajo el prensatelas. F\u00e1cil de activar cuando se necesita, y sencillo de desconectar cuando ya no lo quieras usar m\u00e1s.<br \/>\n<img loading=\"lazy\" decoding=\"async\" src=\"https:\/\/www.xn--berninaespaa-khb.com\/wp-content\/uploads\/2019\/02\/BERNINA790MOD-11.jpg\" alt=\"\" width=\"540\" height=\"540\" \/><br \/>\n<img loading=\"lazy\" decoding=\"async\" src=\"https:\/\/www.xn--berninaespaa-khb.com\/wp-content\/uploads\/2019\/02\/BERNINA790MOD-12.jpg\" alt=\"\" width=\"540\" height=\"540\" \/><br \/>\nEnhebrador semiautom\u00e1tico de agujas<br \/>\nLa BERNINA 790 QE puede trabajar de forma independiente. Al principio de la costura, el prensatelas se baja autom\u00e1ticamente.<\/p>\n<p>El hilo se enhebra semi-autom\u00e1ticamente y se corta autom\u00e1ticamente al final de una costura o cuando se cambia de color durante el bordado.<\/p>\n<p>En el paquete est\u00e1ndar se incluye una tabla de extensi\u00f3n que simplifica la costura de grandes proyectos.<br \/>\nBordar &#8211; r\u00e1pido y sencillo<br \/>\nLa BERNINA 790 es nuestra experta en bordado. Ofrece todav\u00eda m\u00e1s funciones y posibiliades destinas a satisfacer a los amantes del bordado. El paso al modo de bordado se hace directamente en la pantalla t\u00e1ctil. En el modo de bordado, es posible colocar patrones, voltearlos, invertirlos y escalarlos. El tratamiento de los bordados en la B790 se enriquece con innumerables posibilidades que te permitir\u00e1n crear efectos de arco en las letras, modificar la densidad de las puntadas y combinar las letras con los motivos de bordado.<\/p>\n<p>Las combinaciones complejas se realizan por color y las opciones alternativas pueden observarse antes de bordar el dise\u00f1o. El motivo terminado puede ser almacenado en tu m\u00e1quina o en una memoria USB.<\/p>\n<p>La conexi\u00f3n USB permite descargar patrones en la m\u00e1quina. La funci\u00f3n de verificaci\u00f3n facilitar\u00e1 la colocaci\u00f3n exacta del patr\u00f3n antes de bordarlo.<br \/>\n<img loading=\"lazy\" decoding=\"async\" src=\"https:\/\/www.xn--berninaespaa-khb.com\/wp-content\/uploads\/2019\/02\/BERNINA790MOD-13.jpg\" alt=\"\" width=\"540\" height=\"540\" \/><\/p>\n","protected":false},"excerpt":{"rendered":"<p><span style=\"font-family: Frutiger, Roboto; font-size: 14px;\">La BERNINA 790 PLUS cumple todos tus deseos de costura y bordado. Equipada con un m\u00f3dulo de bordado y la funci\u00f3n de Creador de puntadas, ofrece nuevas posibilidades creativas.<\/span><\/p>\n","protected":false},"featured_media":792,"comment_status":"open","ping_status":"closed","template":"","meta":[],"product_brand":[],"product_cat":[81],"product_tag":[],"class_list":{"0":"post-751","1":"product","2":"type-product","3":"status-publish","4":"has-post-thumbnail","6":"product_cat-bernina","8":"first","9":"instock","10":"taxable","11":"shipping-taxable","12":"product-type-simple"},"_links":{"self":[{"href":"https:\/\/macozag.com\/index.php?rest_route=\/wp\/v2\/product\/751","targetHints":{"allow":["GET"]}}],"collection":[{"href":"https:\/\/macozag.com\/index.php?rest_route=\/wp\/v2\/product"}],"about":[{"href":"https:\/\/macozag.com\/index.php?rest_route=\/wp\/v2\/types\/product"}],"replies":[{"embeddable":true,"href":"https:\/\/macozag.com\/index.php?rest_route=%2Fwp%2Fv2%2Fcomments&post=751"}],"wp:featuredmedia":[{"embeddable":true,"href":"https:\/\/macozag.com\/index.php?rest_route=\/wp\/v2\/media\/792"}],"wp:attachment":[{"href":"https:\/\/macozag.com\/index.php?rest_route=%2Fwp%2Fv2%2Fmedia&parent=751"}],"wp:term":[{"taxonomy":"product_brand","embeddable":true,"href":"https:\/\/macozag.com\/index.php?rest_route=%2Fwp%2Fv2%2Fproduct_brand&post=751"},{"taxonomy":"product_cat","embeddable":true,"href":"https:\/\/macozag.com\/index.php?rest_route=%2Fwp%2Fv2%2Fproduct_cat&post=751"},{"taxonomy":"product_tag","embeddable":true,"href":"https:\/\/macozag.com\/index.php?rest_route=%2Fwp%2Fv2%2Fproduct_tag&post=751"}],"curies":[{"name":"wp","href":"https:\/\/api.w.org\/{rel}","templated":true}]}}