{"id":662,"date":"2025-03-02T18:53:40","date_gmt":"2025-03-02T18:53:40","guid":{"rendered":"http:\/\/macozag.com\/?post_type=product&#038;p=662"},"modified":"2025-03-02T18:53:53","modified_gmt":"2025-03-02T18:53:53","slug":"mf-7923h23-356-ut57","status":"publish","type":"product","link":"https:\/\/macozag.com\/?product=mf-7923h23-356-ut57","title":{"rendered":"MF-7923H23-356-UT57"},"content":{"rendered":"<p>M\u00e1quina recubridora de base cil\u00edndrica cortah\u00edlos neum\u00e1ticos Direct Drive<br \/>Equipada con cuchilla a la izquierda para recortar el sobrante del tejido, alzaprensatelas y disponible en 3 agujas de 5,6 mm.<\/p>\n","protected":false},"excerpt":{"rendered":"<p>M\u00e1quina recubridora de base cil\u00edndrica cortah\u00edlos neum\u00e1ticos Direct Drive Equipada con cuchilla a la izquierda para recortar el sobrante del tejido, alzaprensatelas y disponible en 3 agujas de 5,6 mm. <\/p>\n","protected":false},"featured_media":692,"comment_status":"open","ping_status":"closed","template":"","meta":[],"product_brand":[],"product_cat":[75,73],"product_tag":[],"class_list":{"0":"post-662","1":"product","2":"type-product","3":"status-publish","4":"has-post-thumbnail","6":"product_cat-juki-recubridoras","7":"product_cat-recubridoras","9":"first","10":"instock","11":"taxable","12":"shipping-taxable","13":"product-type-simple"},"_links":{"self":[{"href":"https:\/\/macozag.com\/index.php?rest_route=\/wp\/v2\/product\/662","targetHints":{"allow":["GET"]}}],"collection":[{"href":"https:\/\/macozag.com\/index.php?rest_route=\/wp\/v2\/product"}],"about":[{"href":"https:\/\/macozag.com\/index.php?rest_route=\/wp\/v2\/types\/product"}],"replies":[{"embeddable":true,"href":"https:\/\/macozag.com\/index.php?rest_route=%2Fwp%2Fv2%2Fcomments&post=662"}],"wp:featuredmedia":[{"embeddable":true,"href":"https:\/\/macozag.com\/index.php?rest_route=\/wp\/v2\/media\/692"}],"wp:attachment":[{"href":"https:\/\/macozag.com\/index.php?rest_route=%2Fwp%2Fv2%2Fmedia&parent=662"}],"wp:term":[{"taxonomy":"product_brand","embeddable":true,"href":"https:\/\/macozag.com\/index.php?rest_route=%2Fwp%2Fv2%2Fproduct_brand&post=662"},{"taxonomy":"product_cat","embeddable":true,"href":"https:\/\/macozag.com\/index.php?rest_route=%2Fwp%2Fv2%2Fproduct_cat&post=662"},{"taxonomy":"product_tag","embeddable":true,"href":"https:\/\/macozag.com\/index.php?rest_route=%2Fwp%2Fv2%2Fproduct_tag&post=662"}],"curies":[{"name":"wp","href":"https:\/\/api.w.org\/{rel}","templated":true}]}}