{"id":649,"date":"2025-03-02T18:53:37","date_gmt":"2025-03-02T18:53:37","guid":{"rendered":"http:\/\/macozag.com\/?post_type=product&#038;p=649"},"modified":"2025-03-02T18:53:46","modified_gmt":"2025-03-02T18:53:46","slug":"k5e-ut-01gbx356-pl-2","status":"publish","type":"product","link":"https:\/\/macozag.com\/?product=k5e-ut-01gbx356-pl-2","title":{"rendered":"K5E-UT-01GBX356-PL-2"},"content":{"rendered":"<p>M\u00e1quina recubridora 3 agujas con base cil\u00edndrica y cortah\u00edlos el\u00e9ctricos<br \/>Equipada con sistema de recubrimiento superior e inferior, cortah\u00edlos y alzaprensatelas el\u00e9ctricas, luz LED integrada y motor Direct Drive.<br \/>Cortahilos precisos<br \/>El cortah\u00edlos y el alzaprensatelas est\u00e1n controlados por el motor paso a paso, y responden de una forma m\u00e1s eficiente y r\u00e1pida, evitando errores.<br \/>Mayor velocidad, mayor eficiencia<br \/>Con una velocidad de costura mayor que otras recubridoras, ayuda a aumentar el ritmo de trabajo y su eficiencia.<br \/>Amplia gama de tejidos<br \/>Capacidad para coser en tejidos finos, de punto y hasta 8 capas de grosor de tejido, sin ning\u00fan ajuste, manteniendo la belleza de la puntada.<br \/>Bot\u00f3n Restablecer<br \/>Los usuarios pueden restaurar los par\u00e1metros personalizados o los de f\u00e1brica seg\u00fan sus necesidades, el panel es sencillo e intuitivo.<br \/>extractor posterior<\/p>\n","protected":false},"excerpt":{"rendered":"<p>M\u00e1quina recubridora 3 agujas con base cil\u00edndrica y cortah\u00edlos el\u00e9ctricos Equipada con sistema de recubrimiento superior e inferior, cortah\u00edlos y alzaprensatelas el\u00e9ctricas, luz LED integrada y motor Direct Drive. <\/p>\n","protected":false},"featured_media":679,"comment_status":"open","ping_status":"closed","template":"","meta":[],"product_brand":[],"product_cat":[74,73],"product_tag":[],"class_list":{"0":"post-649","1":"product","2":"type-product","3":"status-publish","4":"has-post-thumbnail","6":"product_cat-jack-recubridoras","7":"product_cat-recubridoras","9":"first","10":"instock","11":"taxable","12":"shipping-taxable","13":"product-type-simple"},"_links":{"self":[{"href":"https:\/\/macozag.com\/index.php?rest_route=\/wp\/v2\/product\/649","targetHints":{"allow":["GET"]}}],"collection":[{"href":"https:\/\/macozag.com\/index.php?rest_route=\/wp\/v2\/product"}],"about":[{"href":"https:\/\/macozag.com\/index.php?rest_route=\/wp\/v2\/types\/product"}],"replies":[{"embeddable":true,"href":"https:\/\/macozag.com\/index.php?rest_route=%2Fwp%2Fv2%2Fcomments&post=649"}],"wp:featuredmedia":[{"embeddable":true,"href":"https:\/\/macozag.com\/index.php?rest_route=\/wp\/v2\/media\/679"}],"wp:attachment":[{"href":"https:\/\/macozag.com\/index.php?rest_route=%2Fwp%2Fv2%2Fmedia&parent=649"}],"wp:term":[{"taxonomy":"product_brand","embeddable":true,"href":"https:\/\/macozag.com\/index.php?rest_route=%2Fwp%2Fv2%2Fproduct_brand&post=649"},{"taxonomy":"product_cat","embeddable":true,"href":"https:\/\/macozag.com\/index.php?rest_route=%2Fwp%2Fv2%2Fproduct_cat&post=649"},{"taxonomy":"product_tag","embeddable":true,"href":"https:\/\/macozag.com\/index.php?rest_route=%2Fwp%2Fv2%2Fproduct_tag&post=649"}],"curies":[{"name":"wp","href":"https:\/\/api.w.org\/{rel}","templated":true}]}}