{"id":646,"date":"2025-03-02T18:53:37","date_gmt":"2025-03-02T18:53:37","guid":{"rendered":"http:\/\/macozag.com\/?post_type=product&#038;p=646"},"modified":"2025-03-02T18:53:44","modified_gmt":"2025-03-02T18:53:44","slug":"k6-ut-01x356","status":"publish","type":"product","link":"https:\/\/macozag.com\/?product=k6-ut-01x356","title":{"rendered":"K6-UT-01X356"},"content":{"rendered":"<p>M\u00e1quina recubridora 3 agujas con base cil\u00edndrica y cortah\u00edlos el\u00e9ctricos<br \/>S\u00faper alta velocidad<br \/>La velocidad normal de la K6 llega a 5000 ppm, mientras que otros productos llegan \u00fanicamente a 3700 ppm. Respuesta r\u00e1pida de arranque, subiendo de 0 a 5000 ppm en 180 ms.<br \/>Motor paso a paso, estable y silencioso<br \/>El ruido de la m\u00e1quina en funcionamiento se reduce a 6 dB.<br \/>Mecanismo de cortahilos<br \/>La potencia del cortah\u00edlos y del alzaprensatelas se duplica, y el corte es m\u00e1s preciso.<br \/>Puntada lisa sin arrugas en materiales finos y el\u00e1sticos<br \/>La altura m\u00e1xima del prensatelas es de 7 mm, y se puede ajustar para coser materiales m\u00e1s gruesos.<br \/>Conveniente para mantener y arrastrar la tela, primera opci\u00f3n para el dobladillo inferior<br \/>Dise\u00f1o r\u00f3mbico del cilindro peque\u00f1o, la distancia desde el borde de la m\u00e1quina al prensatelas es de s\u00f3lo 20 mm, lo que facilita al trabajador el mantener y alimentar la tela.<br \/>Guia de hilos de ceramica de alta calidad<br \/>Mucho m\u00e1s duradero, y consigue un arrastre del hilo y una puntada m\u00e1s suave.<br \/>Nuevo sistema de tirahilos<\/p>\n","protected":false},"excerpt":{"rendered":"<p>M\u00e1quina recubridora 3 agujas con base cil\u00edndrica y cortah\u00edlos el\u00e9ctricos<\/p>\n","protected":false},"featured_media":676,"comment_status":"open","ping_status":"closed","template":"","meta":[],"product_brand":[],"product_cat":[74,73],"product_tag":[],"class_list":{"0":"post-646","1":"product","2":"type-product","3":"status-publish","4":"has-post-thumbnail","6":"product_cat-jack-recubridoras","7":"product_cat-recubridoras","9":"first","10":"instock","11":"taxable","12":"shipping-taxable","13":"product-type-simple"},"_links":{"self":[{"href":"https:\/\/macozag.com\/index.php?rest_route=\/wp\/v2\/product\/646","targetHints":{"allow":["GET"]}}],"collection":[{"href":"https:\/\/macozag.com\/index.php?rest_route=\/wp\/v2\/product"}],"about":[{"href":"https:\/\/macozag.com\/index.php?rest_route=\/wp\/v2\/types\/product"}],"replies":[{"embeddable":true,"href":"https:\/\/macozag.com\/index.php?rest_route=%2Fwp%2Fv2%2Fcomments&post=646"}],"wp:featuredmedia":[{"embeddable":true,"href":"https:\/\/macozag.com\/index.php?rest_route=\/wp\/v2\/media\/676"}],"wp:attachment":[{"href":"https:\/\/macozag.com\/index.php?rest_route=%2Fwp%2Fv2%2Fmedia&parent=646"}],"wp:term":[{"taxonomy":"product_brand","embeddable":true,"href":"https:\/\/macozag.com\/index.php?rest_route=%2Fwp%2Fv2%2Fproduct_brand&post=646"},{"taxonomy":"product_cat","embeddable":true,"href":"https:\/\/macozag.com\/index.php?rest_route=%2Fwp%2Fv2%2Fproduct_cat&post=646"},{"taxonomy":"product_tag","embeddable":true,"href":"https:\/\/macozag.com\/index.php?rest_route=%2Fwp%2Fv2%2Fproduct_tag&post=646"}],"curies":[{"name":"wp","href":"https:\/\/api.w.org\/{rel}","templated":true}]}}