{"id":613,"date":"2025-03-02T18:53:18","date_gmt":"2025-03-02T18:53:18","guid":{"rendered":"http:\/\/macozag.com\/?post_type=product&#038;p=613"},"modified":"2025-03-02T18:53:35","modified_gmt":"2025-03-02T18:53:35","slug":"mo-6714da-be644h-g39-q141","status":"publish","type":"product","link":"https:\/\/macozag.com\/?product=mo-6714da-be644h-g39-q141","title":{"rendered":"MO-6714DA-BE644H-G39-Q141"},"content":{"rendered":"<p>M\u00e1quina remalladora de 4 hilos semi-seca<br \/>material antideslizante<br \/>La maquina esta completamente equipada con mecanismos para prevenir el arrugado durante la costura en materiales dificiles. Puede producir costuras de alta calidad sin dificultad en ajustar la maquina. La m\u00e1quina viene equipada con u prensatelas de baja tensi\u00f3n para la costura de tejidos ligeros y facilitando la costura en peque\u00f1as curvas.<br \/>El mecanismo de la barra de agujas se ha redise\u00f1ado para que no requiera lubricaci\u00f3n.<br \/>El tratamiento superficial especial aplicado a la unidad motriz principal y el m\u00e9todo de alimentaci\u00f3n de grasa, contribuye a una mayor durabilidad. La m\u00e1quina no salpica aceite despu\u00e9s de un largo per\u00edodo de uso.<br \/>El mecanismo del garfio superior tampoco requiere lubricaci\u00f3n.<br \/>Las aberturas de llenado de grasa se proporcionar\u00e1n de nuevo en dos lugares: uno en el componente superior del garfio y el otro en el marco de la m\u00e1quina de coser, mejorando as\u00ed la capacidad de mantenimiento.<br \/>cabeza seca<br \/>La tecnolog\u00eda de cabezal seco de JUKI elimina las manchas de aceite en el producto. S\u00f3lo las partes que contribuyen principalmente a las salpicaduras de aceite se han mejorado para tener mecanismos secos.<br \/>Velocidad de costura m\u00e1x. 7000ppm<br \/>Longitud de puntada 0,8 &#8211; 4mm<br \/>Elevaci\u00f3n del prensatelas 7mm<\/p>\n","protected":false},"excerpt":{"rendered":"<p>M\u00e1quina remalladora de 4 hilos semi-seca<\/p>\n","protected":false},"featured_media":643,"comment_status":"open","ping_status":"closed","template":"","meta":[],"product_brand":[],"product_cat":[68,72],"product_tag":[],"class_list":{"0":"post-613","1":"product","2":"type-product","3":"status-publish","4":"has-post-thumbnail","6":"product_cat-overlock","7":"product_cat-juki-overlock","9":"first","10":"instock","11":"taxable","12":"shipping-taxable","13":"product-type-simple"},"_links":{"self":[{"href":"https:\/\/macozag.com\/index.php?rest_route=\/wp\/v2\/product\/613","targetHints":{"allow":["GET"]}}],"collection":[{"href":"https:\/\/macozag.com\/index.php?rest_route=\/wp\/v2\/product"}],"about":[{"href":"https:\/\/macozag.com\/index.php?rest_route=\/wp\/v2\/types\/product"}],"replies":[{"embeddable":true,"href":"https:\/\/macozag.com\/index.php?rest_route=%2Fwp%2Fv2%2Fcomments&post=613"}],"wp:featuredmedia":[{"embeddable":true,"href":"https:\/\/macozag.com\/index.php?rest_route=\/wp\/v2\/media\/643"}],"wp:attachment":[{"href":"https:\/\/macozag.com\/index.php?rest_route=%2Fwp%2Fv2%2Fmedia&parent=613"}],"wp:term":[{"taxonomy":"product_brand","embeddable":true,"href":"https:\/\/macozag.com\/index.php?rest_route=%2Fwp%2Fv2%2Fproduct_brand&post=613"},{"taxonomy":"product_cat","embeddable":true,"href":"https:\/\/macozag.com\/index.php?rest_route=%2Fwp%2Fv2%2Fproduct_cat&post=613"},{"taxonomy":"product_tag","embeddable":true,"href":"https:\/\/macozag.com\/index.php?rest_route=%2Fwp%2Fv2%2Fproduct_tag&post=613"}],"curies":[{"name":"wp","href":"https:\/\/api.w.org\/{rel}","templated":true}]}}