{"id":513,"date":"2025-03-02T18:52:25","date_gmt":"2025-03-02T18:52:25","guid":{"rendered":"http:\/\/macozag.com\/?post_type=product&#038;p=513"},"modified":"2025-03-02T18:52:36","modified_gmt":"2025-03-02T18:52:36","slug":"jk-798te-5-516-03-333-3x4","status":"publish","type":"product","link":"https:\/\/macozag.com\/?product=jk-798te-5-516-03-333-3x4","title":{"rendered":"JK-798TE-5-516-03-333 3X4"},"content":{"rendered":"<p>Maquina remalladora con alimentacion superior de 5 hilos 3&#215;4<br \/>M\u00e1quina de alta velocidad equipada con alzaprensatelas el\u00e9ctricas, cortah\u00edlos posteriores, longitud de puntada ajustable, doble diferencial, luz LED integrada y motor Direct Drive.<\/p>\n","protected":false},"excerpt":{"rendered":"<p>Maquina remalladora con alimentacion superior de 5 hilos 3&#215;4<\/p>\n","protected":false},"featured_media":543,"comment_status":"open","ping_status":"closed","template":"","meta":[],"product_brand":[],"product_cat":[69,68],"product_tag":[],"class_list":{"0":"post-513","1":"product","2":"type-product","3":"status-publish","4":"has-post-thumbnail","6":"product_cat-jack-overlock","7":"product_cat-overlock","9":"first","10":"instock","11":"taxable","12":"shipping-taxable","13":"product-type-simple"},"_links":{"self":[{"href":"https:\/\/macozag.com\/index.php?rest_route=\/wp\/v2\/product\/513","targetHints":{"allow":["GET"]}}],"collection":[{"href":"https:\/\/macozag.com\/index.php?rest_route=\/wp\/v2\/product"}],"about":[{"href":"https:\/\/macozag.com\/index.php?rest_route=\/wp\/v2\/types\/product"}],"replies":[{"embeddable":true,"href":"https:\/\/macozag.com\/index.php?rest_route=%2Fwp%2Fv2%2Fcomments&post=513"}],"wp:featuredmedia":[{"embeddable":true,"href":"https:\/\/macozag.com\/index.php?rest_route=\/wp\/v2\/media\/543"}],"wp:attachment":[{"href":"https:\/\/macozag.com\/index.php?rest_route=%2Fwp%2Fv2%2Fmedia&parent=513"}],"wp:term":[{"taxonomy":"product_brand","embeddable":true,"href":"https:\/\/macozag.com\/index.php?rest_route=%2Fwp%2Fv2%2Fproduct_brand&post=513"},{"taxonomy":"product_cat","embeddable":true,"href":"https:\/\/macozag.com\/index.php?rest_route=%2Fwp%2Fv2%2Fproduct_cat&post=513"},{"taxonomy":"product_tag","embeddable":true,"href":"https:\/\/macozag.com\/index.php?rest_route=%2Fwp%2Fv2%2Fproduct_tag&post=513"}],"curies":[{"name":"wp","href":"https:\/\/api.w.org\/{rel}","templated":true}]}}