{"id":336,"date":"2025-03-02T18:51:07","date_gmt":"2025-03-02T18:51:07","guid":{"rendered":"http:\/\/macozag.com\/?post_type=product&#038;p=336"},"modified":"2025-03-02T18:51:16","modified_gmt":"2025-03-02T18:51:16","slug":"portatil-f","status":"publish","type":"product","link":"https:\/\/macozag.com\/?product=portatil-f","title":{"rendered":"Port\u00e1til F"},"content":{"rendered":"<p>La port\u00e1til F es un nuevo nivel de excelencia en tecnolog\u00eda de costura. Su dise\u00f1o robusto funciona con facilidad en la l\u00ednea de ensacado o en el campo y su acabado epoxi no corrosivo duradero lo har\u00e1 durar a\u00f1os.<br \/>Es una m\u00e1quina de coser de 1 hilo para cerrar todo tipo de bolsas: papel (simple o multicapa), polipropileno tejido o no tejido, red, polietileno, arpillera, sacos de algod\u00f3n de cualquier contenido.<br \/>Ventaja (s)<br \/>R\u00e1pido<br \/>Seguro<br \/>Mantenimiento de bajo costo<br \/>Motor fischbein con doble aislamiento<br \/>Lubricaci\u00f3n semiautom\u00e1tica<br \/>Mecanismo elevador del prensatelas<br \/>\u00bfNecesitas este producto? pedir cotizaci\u00f3n<\/p>\n","protected":false},"excerpt":{"rendered":"<p>La port\u00e1til F es un nuevo nivel de excelencia en tecnolog\u00eda de costura. Su dise\u00f1o robusto funciona con facilidad en la l\u00ednea de ensacado o en el campo y su acabado epoxi no corrosivo duradero lo har\u00e1 durar a\u00f1os.<\/p>\n","protected":false},"featured_media":366,"comment_status":"open","ping_status":"closed","template":"","meta":[],"product_brand":[],"product_cat":[44,20],"product_tag":[],"class_list":{"0":"post-336","1":"product","2":"type-product","3":"status-publish","4":"has-post-thumbnail","6":"product_cat-fischbein","7":"product_cat-cerrar-sacos","9":"first","10":"instock","11":"taxable","12":"shipping-taxable","13":"product-type-simple"},"_links":{"self":[{"href":"https:\/\/macozag.com\/index.php?rest_route=\/wp\/v2\/product\/336","targetHints":{"allow":["GET"]}}],"collection":[{"href":"https:\/\/macozag.com\/index.php?rest_route=\/wp\/v2\/product"}],"about":[{"href":"https:\/\/macozag.com\/index.php?rest_route=\/wp\/v2\/types\/product"}],"replies":[{"embeddable":true,"href":"https:\/\/macozag.com\/index.php?rest_route=%2Fwp%2Fv2%2Fcomments&post=336"}],"wp:featuredmedia":[{"embeddable":true,"href":"https:\/\/macozag.com\/index.php?rest_route=\/wp\/v2\/media\/366"}],"wp:attachment":[{"href":"https:\/\/macozag.com\/index.php?rest_route=%2Fwp%2Fv2%2Fmedia&parent=336"}],"wp:term":[{"taxonomy":"product_brand","embeddable":true,"href":"https:\/\/macozag.com\/index.php?rest_route=%2Fwp%2Fv2%2Fproduct_brand&post=336"},{"taxonomy":"product_cat","embeddable":true,"href":"https:\/\/macozag.com\/index.php?rest_route=%2Fwp%2Fv2%2Fproduct_cat&post=336"},{"taxonomy":"product_tag","embeddable":true,"href":"https:\/\/macozag.com\/index.php?rest_route=%2Fwp%2Fv2%2Fproduct_tag&post=336"}],"curies":[{"name":"wp","href":"https:\/\/api.w.org\/{rel}","templated":true}]}}