{"id":277,"date":"2025-03-02T18:50:41","date_gmt":"2025-03-02T18:50:41","guid":{"rendered":"http:\/\/macozag.com\/?post_type=product&#038;p=277"},"modified":"2025-03-02T18:50:53","modified_gmt":"2025-03-02T18:50:53","slug":"swd-r5-3-7-swd-r5-3h-7","status":"publish","type":"product","link":"https:\/\/macozag.com\/?product=swd-r5-3-7-swd-r5-3h-7","title":{"rendered":"SWD-R5-3-7 SWD-R5-3H-7"},"content":{"rendered":"","protected":false},"excerpt":{"rendered":"<p>SWD-R5-3-7 SWD-R5-3H-7<\/p>\n<p> SWD-R5-3-7 <br \/> M\u00e1quina pespunte de 2 agujas desembragables de transporte por aguja y diente equipada con engrase autom\u00e1tico. Garfios de capacidad peque\u00f1a, longitud de puntada 5 mm, para g\u00e9neros finos y medios, velocidad m\u00e1xima 3.500 PPM. Equipada con motor incorporado en el cabezal, cortahilos, remates, alzaprensatelas y retira hilos.  <\/p>\n<p> SWD-R5-3H-7<br \/> M\u00e1quina pespunte de 2 agujas desembragables de transporte por aguja y diente equipada con engrase autom\u00e1tico. Garfios de gran capacidad, longitud de puntada 7 mm, para g\u00e9neros gruesos, velocidad m\u00e1xima 3.000 PPM. Equipada con motor incorporado en el cabezal, cortahilos, remates, alzaprensatelas y retira hilos. <\/p>\n","protected":false},"featured_media":307,"comment_status":"open","ping_status":"closed","template":"","meta":[],"product_brand":[],"product_cat":[38,29],"product_tag":[],"class_list":{"0":"post-277","1":"product","2":"type-product","3":"status-publish","4":"has-post-thumbnail","6":"product_cat-sewmaq-doble-arrastre","7":"product_cat-doble-arrastre","9":"first","10":"instock","11":"taxable","12":"shipping-taxable","13":"product-type-simple"},"_links":{"self":[{"href":"https:\/\/macozag.com\/index.php?rest_route=\/wp\/v2\/product\/277","targetHints":{"allow":["GET"]}}],"collection":[{"href":"https:\/\/macozag.com\/index.php?rest_route=\/wp\/v2\/product"}],"about":[{"href":"https:\/\/macozag.com\/index.php?rest_route=\/wp\/v2\/types\/product"}],"replies":[{"embeddable":true,"href":"https:\/\/macozag.com\/index.php?rest_route=%2Fwp%2Fv2%2Fcomments&post=277"}],"wp:featuredmedia":[{"embeddable":true,"href":"https:\/\/macozag.com\/index.php?rest_route=\/wp\/v2\/media\/307"}],"wp:attachment":[{"href":"https:\/\/macozag.com\/index.php?rest_route=%2Fwp%2Fv2%2Fmedia&parent=277"}],"wp:term":[{"taxonomy":"product_brand","embeddable":true,"href":"https:\/\/macozag.com\/index.php?rest_route=%2Fwp%2Fv2%2Fproduct_brand&post=277"},{"taxonomy":"product_cat","embeddable":true,"href":"https:\/\/macozag.com\/index.php?rest_route=%2Fwp%2Fv2%2Fproduct_cat&post=277"},{"taxonomy":"product_tag","embeddable":true,"href":"https:\/\/macozag.com\/index.php?rest_route=%2Fwp%2Fv2%2Fproduct_tag&post=277"}],"curies":[{"name":"wp","href":"https:\/\/api.w.org\/{rel}","templated":true}]}}