{"id":229,"date":"2025-03-02T18:50:19","date_gmt":"2025-03-02T18:50:19","guid":{"rendered":"http:\/\/macozag.com\/?post_type=product&#038;p=229"},"modified":"2025-03-02T18:50:34","modified_gmt":"2025-03-02T18:50:34","slug":"dln-5410n-7","status":"publish","type":"product","link":"https:\/\/macozag.com\/?product=dln-5410n-7","title":{"rendered":"DLN-5410N-7"},"content":{"rendered":"<p>M\u00e1quina de pespunte 1 aguja cortah\u00edlos con doble arrastre por aguja y dientes<br \/>M\u00e1quina para g\u00e9nero fino y medio, equipada con panel, limpiaparabrisas y alzaprensatelas.<br \/>Mayor durabilidad y confianza de la maquina<br \/>Est\u00e1 reforzado para reforzar los componentes de arrastre, los componentes de lubricaci\u00f3n y el cuerpo, y para sellar herm\u00e9ticamente el cuerpo de la barra de agujas.<br \/>Dise\u00f1ado para reducir la fatiga del usuario<br \/>El pedal se acciona con una ligera presi\u00f3n, el prensatelas puede elevarse hasta 13 mm, y la forma del brazo de la m\u00e1quina permite al operador trabajar con cualquier material con facilidad.<br \/>El mecanismo de costura permite trabajar con una gran variedad de materiales.<br \/>El cabezal de la m\u00e1quina se ha redise\u00f1ado para mejorar el rendimiento de cada componente. Gracias a la capacidad de costura de baja tension de la maquina ya la funcion de ajuste de la cantidad de arrastre de la aguja (+- 15%), rara vez se produce un arrastre desigual del material y un fruncimiento.<br \/>Mecanismo del cortahilos seguro y fiable<br \/>La cuchilla m\u00f3vil se ha dise\u00f1ado para que pueda sustituirse f\u00e1cilmente, lo que facilita el mantenimiento de la m\u00e1quina.<br \/>Velocidad de costura m\u00e1x. 5000ppm<br \/>Longitud de puntada m\u00e1x. 4mm<br \/>Elevaci\u00f3n del prensatelas Manual: 5,5 mm Rodilla: 13 mm<\/p>\n","protected":false},"excerpt":{"rendered":"<p>M\u00e1quina de pespunte 1 aguja cortah\u00edlos con doble arrastre por aguja y dientes<\/p>\n","protected":false},"featured_media":259,"comment_status":"open","ping_status":"closed","template":"","meta":[],"product_brand":[],"product_cat":[35,29],"product_tag":[],"class_list":{"0":"post-229","1":"product","2":"type-product","3":"status-publish","4":"has-post-thumbnail","6":"product_cat-juki-doble-arrastre","7":"product_cat-doble-arrastre","9":"first","10":"instock","11":"taxable","12":"shipping-taxable","13":"product-type-simple"},"_links":{"self":[{"href":"https:\/\/macozag.com\/index.php?rest_route=\/wp\/v2\/product\/229","targetHints":{"allow":["GET"]}}],"collection":[{"href":"https:\/\/macozag.com\/index.php?rest_route=\/wp\/v2\/product"}],"about":[{"href":"https:\/\/macozag.com\/index.php?rest_route=\/wp\/v2\/types\/product"}],"replies":[{"embeddable":true,"href":"https:\/\/macozag.com\/index.php?rest_route=%2Fwp%2Fv2%2Fcomments&post=229"}],"wp:featuredmedia":[{"embeddable":true,"href":"https:\/\/macozag.com\/index.php?rest_route=\/wp\/v2\/media\/259"}],"wp:attachment":[{"href":"https:\/\/macozag.com\/index.php?rest_route=%2Fwp%2Fv2%2Fmedia&parent=229"}],"wp:term":[{"taxonomy":"product_brand","embeddable":true,"href":"https:\/\/macozag.com\/index.php?rest_route=%2Fwp%2Fv2%2Fproduct_brand&post=229"},{"taxonomy":"product_cat","embeddable":true,"href":"https:\/\/macozag.com\/index.php?rest_route=%2Fwp%2Fv2%2Fproduct_cat&post=229"},{"taxonomy":"product_tag","embeddable":true,"href":"https:\/\/macozag.com\/index.php?rest_route=%2Fwp%2Fv2%2Fproduct_tag&post=229"}],"curies":[{"name":"wp","href":"https:\/\/api.w.org\/{rel}","templated":true}]}}