{"id":1465,"date":"2025-11-16T16:57:42","date_gmt":"2025-11-16T16:57:42","guid":{"rendered":"http:\/\/macozag.com\/?post_type=product&#038;p=1465"},"modified":"2025-11-16T16:57:42","modified_gmt":"2025-11-16T16:57:42","slug":"a8100d4-hg-02","status":"publish","type":"product","link":"https:\/\/macozag.com\/?product=a8100d4-hg-02","title":{"rendered":"A8100D4-HG-02"},"content":{"rendered":"<div class=\"page-wrap\">\n<div id=\"site-content\" class=\"container main-container\" role=\"main\">\n<div class=\"page-area\">\n<div class=\"row\">\n<article class=\"envo-content woo-content col-md-12\">\n<div id=\"product-352429\" class=\"it-has-gallery product type-product post-352429 status-publish first instock product_cat-maquinas-de-coser-industriales product_cat-planas-de-puntada-recta product_tag-maquinas-de-coser-industriales product_tag-zoje has-post-thumbnail taxable shipping-taxable product-type-simple\">\n<div class=\"woocommerce-tabs wc-tabs-wrapper\">\n<div id=\"tab-description\" class=\"woocommerce-Tabs-panel woocommerce-Tabs-panel--description panel entry-content wc-tab\" role=\"tabpanel\" aria-labelledby=\"tab-title-description\">\n<div class=\"elementor elementor-352429\" data-elementor-type=\"wp-post\" data-elementor-id=\"352429\">\n<div class=\"elementor-element elementor-element-feb6d0a e-flex e-con-boxed e-con e-parent e-lazyloaded\" data-id=\"feb6d0a\" data-element_type=\"container\">\n<div class=\"e-con-inner\">\n<div class=\"elementor-element elementor-element-405ab78 e-con-full e-flex e-con e-child\" data-id=\"405ab78\" data-element_type=\"container\">\n<div class=\"elementor-element elementor-element-a2fe8c7 elementor-widget elementor-widget-text-editor\" data-id=\"a2fe8c7\" data-element_type=\"widget\" data-widget_type=\"text-editor.default\">\n<div class=\"elementor-widget-container\">\n<p><strong>M\u00e1quina industrial de \u00faltima tecnolog\u00eda<\/strong><\/p>\n<p>La\u00a0<strong>m\u00e1quina industrial Zoje A81000-D4-02<\/strong>\u00a0es una m\u00e1quina plana autom\u00e1tica de costura recta, ideal para confecci\u00f3n de prendas ligeras y medianas como camisas, pantalones o ropa deportiva. Incorpora un motor\u00a0<strong>direct drive de 550W<\/strong>, pantalla t\u00e1ctil multifunci\u00f3n,\u00a0<strong>cortah\u00edlos, remate y alzaprensatelas autom\u00e1ticos<\/strong>, lo que mejora la productividad.<\/p>\n<p>Su dise\u00f1o incluye\u00a0<strong>garfio gran capacidad Zoje<\/strong>,\u00a0<strong>caja de bobina japonesa\u00a0<\/strong>\u00a0y\u00a0<strong>cuchillas japonesas\u00a0<\/strong>, garantizando precisi\u00f3n y durabilidad. Ofrece una velocidad ajustable de hasta\u00a0<strong>4000 rpm<\/strong>, luz LED integrada y puerto USB. Es f\u00e1cil de programar, con funciones decorativas y contador de puntadas. Su sistema de refrigeraci\u00f3n y v\u00e1lvulas electr\u00f3nicas permite jornadas de trabajo de hasta 14 horas sin recalentamiento<\/p>\n<\/div>\n<\/div>\n<\/div>\n<div class=\"elementor-element elementor-element-0611197 e-con-full e-flex e-con e-child\" data-id=\"0611197\" data-element_type=\"container\">\n<div class=\"elementor-element elementor-element-d3f7ffc elementor-widget elementor-widget-text-editor\" data-id=\"d3f7ffc\" data-element_type=\"widget\" data-widget_type=\"text-editor.default\">\n<div class=\"elementor-widget-container\">\n<p><strong><span dir=\"auto\">Especificaciones t\u00e9cnicas:<\/span><\/strong><\/p>\n<table class=\"tabAtrybuty\">\n<tbody>\n<tr>\n<td class=\"cechyTxt wartoscTlo \"><span dir=\"auto\">Tipo de material de costura<\/span><\/td>\n<td class=\"cechyValue wartoscTlo \"><span dir=\"auto\">medio grueso<\/span><\/td>\n<\/tr>\n<tr>\n<td class=\"cechyTxt \"><span dir=\"auto\">Tipo de alimentaci\u00f3n<\/span><\/td>\n<td class=\"cechyValue \"><span dir=\"auto\">arrastre por diente<\/span><\/td>\n<\/tr>\n<tr>\n<td class=\"cechyTxt wartoscTlo \"><span dir=\"auto\">Posicionamiento autom\u00e1tico de la aguja<\/span><\/td>\n<td class=\"cechyValue wartoscTlo \"><span dir=\"auto\">S\u00ed<\/span><\/td>\n<\/tr>\n<tr>\n<td class=\"cechyTxt \"><span dir=\"auto\">Recorte autom\u00e1tico de hilo<\/span><\/td>\n<td class=\"cechyValue \"><span dir=\"auto\">S\u00ed<\/span><\/td>\n<\/tr>\n<tr>\n<td class=\"cechyTxt wartoscTlo \"><span dir=\"auto\">Elevador de pie autom\u00e1tico<\/span><\/td>\n<td class=\"cechyValue wartoscTlo \"><span dir=\"auto\">S\u00ed<\/span><\/td>\n<\/tr>\n<tr>\n<td class=\"cechyTxt \"><span dir=\"auto\">presillado autom\u00e1tico<\/span><\/td>\n<td class=\"cechyValue \"><span dir=\"auto\">S\u00ed<\/span><\/td>\n<\/tr>\n<tr>\n<td class=\"cechyTxt wartoscTlo \"><span dir=\"auto\">Autolimpieza<\/span><\/td>\n<td class=\"cechyValue wartoscTlo \"><span dir=\"auto\">No<\/span><\/td>\n<\/tr>\n<tr>\n<td class=\"cechyTxt \"><span dir=\"auto\">Bot\u00f3n de compensaci\u00f3n de puntada<\/span><\/td>\n<td class=\"cechyValue \"><span dir=\"auto\">S\u00ed<\/span><\/td>\n<\/tr>\n<tr>\n<td class=\"cechyTxt wartoscTlo \"><span dir=\"auto\">Tipo de lubricaci\u00f3n<\/span><\/td>\n<td class=\"cechyValue wartoscTlo \"><span dir=\"auto\">c\u00e1rter abierto<\/span><\/td>\n<\/tr>\n<tr>\n<td class=\"cechyTxt \"><span dir=\"auto\">Recortadora lateral<\/span><\/td>\n<td class=\"cechyValue \"><span dir=\"auto\">No<\/span><\/td>\n<\/tr>\n<tr>\n<td class=\"cechyTxt wartoscTlo \"><span dir=\"auto\">Iluminaci\u00f3n LED del campo de trabajo<\/span><\/td>\n<td class=\"cechyValue wartoscTlo \"><span dir=\"auto\">S\u00ed<\/span><\/td>\n<\/tr>\n<tr>\n<td class=\"cechyTxt \"><span dir=\"auto\">Longitud m\u00e1xima de puntada<\/span><\/td>\n<td class=\"cechyValue \"><span dir=\"auto\">7,0 mil\u00edmetros<\/span><\/td>\n<\/tr>\n<tr>\n<td class=\"cechyTxt wartoscTlo \"><span dir=\"auto\">Altura de elevaci\u00f3n del prensatelas<\/span><\/td>\n<td class=\"cechyValue wartoscTlo \"><span dir=\"auto\">13 mil\u00edmetros<\/span><\/td>\n<\/tr>\n<tr>\n<td class=\"cechyTxt \"><span dir=\"auto\">Velocidad m\u00e1xima de costura<\/span><\/td>\n<td class=\"cechyValue \"><span dir=\"auto\">4000 ppm<\/span><\/td>\n<\/tr>\n<tr>\n<td class=\"cechyTxt wartoscTlo \"><span dir=\"auto\">Servomotor de CA incorporado<\/span><\/td>\n<td class=\"cechyValue wartoscTlo \"><span dir=\"auto\">S\u00ed<\/span><\/td>\n<\/tr>\n<tr>\n<td class=\"cechyTxt \"><span dir=\"auto\">Sistema de agujas<\/span><\/td>\n<td class=\"cechyValue \"><span dir=\"auto\">135X5<\/span><\/td>\n<\/tr>\n<tr>\n<td class=\"cechyTxt wartoscTlo \"><span dir=\"auto\">Equipo<\/span><\/td>\n<td class=\"cechyValue wartoscTlo \">Tablero y patas<\/td>\n<\/tr>\n<\/tbody>\n<\/table>\n<\/div>\n<\/div>\n<\/div>\n<\/div>\n<\/div>\n<\/div>\n<\/div>\n<\/div>\n<\/div>\n<\/article>\n<\/div>\n<\/div>\n<\/div>\n<div id=\"content-footer-section\" class=\"container-fluid clearfix\">\n<div class=\"container\">\n<div id=\"search-4\" class=\"widget widget_search col-md-3\">\n<div class=\"widget-title\"><\/div>\n<\/div>\n<\/div>\n<\/div>\n<\/div>\n<div id=\"onwebchat_code\">\n<div id=\"onwbchat_window\" class=\"onwebchatbox\">\n<div id=\"onwcEmailModal\" class=\"onwcmodal\">\n<div class=\"onwcmodal-content\"><\/div>\n<\/div>\n<\/div>\n<\/div>\n","protected":false},"excerpt":{"rendered":"<h1 class=\"product_title entry-title\">M\u00e1quina puntada recta ZOJE A8100D4-HG-02<\/h1>\n<p><span class=\"OYPEnA font-feature-liga-off font-feature-clig-off font-feature-calt-off text-decoration-none text-strikethrough-none\">M\u00e1quina de pespunte de1 aguja garfio gran capacidad para g\u00e9neros gruesos y medios, m\u00e1xima longitud de puntada 7mm c\u00e1rter de aceite abierto. Motor servo incorporado en el cabezal, cortahilos, retira hilos y alza prensatelas por solenoides, remates y longitud de puntada mediante motor paso a paso, bot\u00f3n compensaci\u00f3n (da una puntada) velocidad m\u00e1xima 4000ppm. Largo de puntada 7mm, Altura del prensatelas 13mm, posicionamiento de aguja y luz de LEDs.<\/span><\/p>\n<p>Se entrega con tablero y bancada instalado<\/p>\n","protected":false},"featured_media":1466,"comment_status":"open","ping_status":"closed","template":"","meta":[],"product_brand":[],"product_cat":[90,27,24],"product_tag":[],"class_list":{"0":"post-1465","1":"product","2":"type-product","3":"status-publish","4":"has-post-thumbnail","6":"product_cat-zoje","7":"product_cat-cortahilos","8":"product_cat-pespunte-recto","10":"first","11":"instock","12":"taxable","13":"shipping-taxable","14":"product-type-simple"},"_links":{"self":[{"href":"https:\/\/macozag.com\/index.php?rest_route=\/wp\/v2\/product\/1465","targetHints":{"allow":["GET"]}}],"collection":[{"href":"https:\/\/macozag.com\/index.php?rest_route=\/wp\/v2\/product"}],"about":[{"href":"https:\/\/macozag.com\/index.php?rest_route=\/wp\/v2\/types\/product"}],"replies":[{"embeddable":true,"href":"https:\/\/macozag.com\/index.php?rest_route=%2Fwp%2Fv2%2Fcomments&post=1465"}],"wp:featuredmedia":[{"embeddable":true,"href":"https:\/\/macozag.com\/index.php?rest_route=\/wp\/v2\/media\/1466"}],"wp:attachment":[{"href":"https:\/\/macozag.com\/index.php?rest_route=%2Fwp%2Fv2%2Fmedia&parent=1465"}],"wp:term":[{"taxonomy":"product_brand","embeddable":true,"href":"https:\/\/macozag.com\/index.php?rest_route=%2Fwp%2Fv2%2Fproduct_brand&post=1465"},{"taxonomy":"product_cat","embeddable":true,"href":"https:\/\/macozag.com\/index.php?rest_route=%2Fwp%2Fv2%2Fproduct_cat&post=1465"},{"taxonomy":"product_tag","embeddable":true,"href":"https:\/\/macozag.com\/index.php?rest_route=%2Fwp%2Fv2%2Fproduct_tag&post=1465"}],"curies":[{"name":"wp","href":"https:\/\/api.w.org\/{rel}","templated":true}]}}