{"id":1455,"date":"2025-11-14T17:51:58","date_gmt":"2025-11-14T17:51:58","guid":{"rendered":"http:\/\/macozag.com\/?post_type=product&#038;p=1455"},"modified":"2025-11-14T17:51:58","modified_gmt":"2025-11-14T17:51:58","slug":"singer-se9155-coser-y-bordar","status":"publish","type":"product","link":"https:\/\/macozag.com\/?product=singer-se9155-coser-y-bordar","title":{"rendered":"Singer SE9155 (Coser y bordar)"},"content":{"rendered":"<p class=\"p1\">Dispone de\u00a0250 puntadas de costura, entre ellas est\u00e1n 150 dise\u00f1os de bordado\u00a0y\u00a010 fuentes de abecedario\u00a0de bordado. Las podremos seleccionar de manera f\u00e1cil y sencilla en su pantalla t\u00e1ctil a color de 7 pulgadas, y personalizar de la manera que mas se ajuste a las necesidades de cada momento.<\/p>\n<p class=\"p2\">Su \u00e1rea de bordado es de 17&#215;10 cm.<\/p>\n<p class=\"p2\">De f\u00e1cil manejo, podremos personalizar todas las opciones desde su pantalla, selector de velocidad con el que podremos controlar la velocidad en todo momento dependiendo de lo que necesitemos o estemos acostumbrados, el bot\u00f3n start\/stop nos permite detener o arrancar la maquina simplemente puls\u00e1ndolo.<\/p>\n<p class=\"p1\">Bot\u00f3n cortahilos, para que cuando lo necesitemos la maquina corte el hilo, y la funci\u00f3n posicionamiento de aguja arriba o abajo.<\/p>\n<p class=\"p1\"><span class=\"Apple-converted-space\">Enhebrado automatico de la aguja, siguiendo los pasos marcados en la maquina llevaremos el hilo hasta el enhebrador que solo con pulsarlo enhebrara la aguja de la maquina.<\/span><\/p>\n<p class=\"p1\"><span class=\"Apple-converted-space\">Ojales en un solo paso, colocando el pr\u00e9nsatelas y el ojal seleccionado en la pantalla.<\/span><\/p>\n<p class=\"p1\"><span class=\"Apple-converted-space\">Ancho de puntada hasta 7mm, largo de puntada hasta 5mm.<\/span><\/p>\n<p class=\"p1\">Todas estas caracter\u00edsticas hacen de este modelo de maquina de coser y bordar que realizar labores de costura sea una tarea f\u00e1cil y agradable con resultados perfectos.<\/p>\n<p class=\"p2\">Podr\u00e1s personalizar tus trabajos y darles un toque personal que en ocasiones tanto nos gusta.<\/p>\n<p class=\"p2\">Podremos combinar diferentes dise\u00f1os, rotarlos y moverlos por la pantalla hasta que decidamos donde queremos que lo borde.<\/p>\n<h3 class=\"p2\">\u00a0CARACTER\u00cdSTICAS:<\/h3>\n<ul class=\"ul1\">\n<li class=\"li5\"><span class=\"s2\">M\u00e1quina de\u00a0Coser y Bordar\u00a0muy f\u00e1cil de usar.<\/span><\/li>\n<li class=\"li5\"><span class=\"s2\">Pantalla T\u00e1ctil a color de 7&#8243;: El tama\u00f1o de la pantalla le permite controlar su m\u00e1quina de forma clara y r\u00e1pida<\/span><\/li>\n<li class=\"li5\"><span class=\"s2\">Enhebrador Autom\u00e1tico\u00a0de Aguja.<\/span><\/li>\n<li class=\"li5\"><span class=\"s2\">Tensi\u00f3n Autom\u00e1tica del Hilo.<\/span><\/li>\n<li class=\"li5\"><span class=\"s2\">Sensor de Hilo superior e inferior:\u00a0Olv\u00eddese de las molestas sorpresas mientras cose. Este inteligente monitor le muestra a tiempo cuando el hilo superior o inferior se est\u00e1 agotando para que pueda continuar trabajando sin ser molestado.<\/span><\/li>\n<li class=\"li5\"><span class=\"s2\">Compartimento para guardar los accesorios:\u00a0pueden guardar los pr\u00e9nsatelas y los utensilios de costura de forma clara y ordenada.<\/span><\/li>\n<\/ul>\n<h3 class=\"p1\">CARACTERISTICAS DE LA COSTURA:<\/h3>\n<ul class=\"ul1\">\n<li class=\"li7\"><span class=\"s2\">250 puntadas de costura\u00a0diferentes (b\u00e1sicas, decorativas y muchas m\u00e1s).<\/span><\/li>\n<li class=\"li7\"><span class=\"s2\">4 fuentes\u00a0de abecedario de costura.<\/span><\/li>\n<li class=\"li7\"><span class=\"s2\">Ojales Autom\u00e1ticos\u00a0en 1 paso.<\/span><\/li>\n<li class=\"li7\"><span class=\"s2\">Velocidad\u00a0de Costura de hasta\u00a0850 p.p.m.<\/span><\/li>\n<li class=\"li7\"><span class=\"s2\">Ancho\u00a0de Puntada (regulable) m\u00e1xima de\u00a0hasta 7mm.<\/span><\/li>\n<li class=\"li7\"><span class=\"s2\">Longitud\u00a0de puntada (regulable) m\u00e1xima\u00a0hasta 5mm.<\/span><\/li>\n<li class=\"li7\"><span class=\"s2\">Bot\u00f3n\u00a0Regulador de Velocidad.<\/span><\/li>\n<li class=\"li7\"><span class=\"s2\">Bot\u00f3n\u00a0Cortah\u00edlos autom\u00e1tico:\u00a0corta autom\u00e1ticamente los hilos superior e inferior, haciendo el trabajo m\u00e1s eficiente y conveniente.<\/span><\/li>\n<li class=\"li7\"><span class=\"s2\">Bot\u00f3n de\u00a0Posici\u00f3n de Aguja Arriba \/ Abajo:\u00a0es particularmente \u00fatil al coser esquinas o apliques, ya que ayuda a garantizar que nada se resbale y que la costura quede exactamente donde desea<\/span><\/li>\n<li class=\"li7\"><span class=\"s2\">Bot\u00f3n\u00a0puntada de refuerzo.<\/span><\/li>\n<li class=\"li7\"><span class=\"s2\">Palanca para subir y bajar los dientes de Arrastre: muy \u00fatil para hacer costura libre como acolchado libre o bordado a mano.<\/span><\/li>\n<li class=\"li7\"><span class=\"s2\">M\u00faltiple informaci\u00f3n en la pantalla de 7&#8243;: puedes seleccionar y configurar puntada, ver pr\u00e9nsatelas recomendado y mucha m\u00e1s informaci\u00f3n.<\/span><\/li>\n<li class=\"li7\"><span class=\"s2\">29 posiciones de aguja\u00a0para una costura precisa: les permiten una costura precisa hasta el borde, pespuntes, coser cremalleras, coser ribetes, etc.<\/span><\/li>\n<li class=\"li7\"><span class=\"s2\">Gran espacio de trabajo: 16cm a la derecha de la aguja.<\/span><\/li>\n<li class=\"li7\"><span class=\"s2\">Funci\u00f3n Espejo.<\/span><\/li>\n<\/ul>\n<h3 class=\"p8\">CARACTERISTICAS DEL BORDADO:<\/h3>\n<ul class=\"ul1\">\n<li>\u00c1rea de bordado de 17&#215;10 cm.<\/li>\n<li class=\"li7\"><span class=\"s2\">150 dise\u00f1os\u00a0de\u00a0bordado\u00a0incorporados en la m\u00e1quina (florales, navide\u00f1os, infantiles, punto de cruz, etc.).<\/span><\/li>\n<li class=\"li7\"><span class=\"s2\">10\u00a0fuentes de\u00a0abecedario.<\/span><\/li>\n<li class=\"li5\"><span class=\"s2\">Con la\u00a0Pantalla t\u00e1ctil de 7&#8243;\u00a0puedes personaliza dise\u00f1os: Da rienda suelta a tu creatividad y personaliza dise\u00f1os seg\u00fan tus ideas. Con solo unos pocos toques, puedes cambiar los colores del hilo de bordar para crear proyectos \u00fanicos, adem\u00e1s de muchas m\u00e1s herramientas de edici\u00f3n (rotar, voltear, cambiar el tama\u00f1o, mover dise\u00f1os como desee, etc. )<\/span><span class=\"s3\">.<\/span><\/li>\n<li class=\"li7\"><span class=\"s2\">Velocidad\u00a0de Bordado:\u00a0450 p.p.m<\/span><\/li>\n<li class=\"li7\"><span class=\"s2\">Incluye Puerto USB\u00a0para incluir m\u00e1s dise\u00f1os de bordado.<\/span><\/li>\n<li class=\"li7\"><span class=\"s2\">Acepta el\u00a0formato de bordado: VP3<\/span><\/li>\n<\/ul>\n<h3 class=\"p8\">CARACTERISTICAS T\u00c9CNICAS:<\/h3>\n<ul class=\"ul1\">\n<li class=\"li7\"><span class=\"s4\">Peso<\/span><span class=\"s2\">\u00a0de la m\u00e1quina: 7 kilos<\/span><\/li>\n<li class=\"li7\"><span class=\"s4\">Tama\u00f1o<\/span><span class=\"s2\">\u00a0de la\u00a0<\/span><span class=\"s4\">m\u00e1quina<\/span><span class=\"s2\">: 48,26 x 20 x 30,48<\/span><\/li>\n<li class=\"li7\"><span class=\"s4\">Tama\u00f1o<\/span><span class=\"s2\">\u00a0de la\u00a0<\/span><span class=\"s4\">Caja<\/span><span class=\"s2\">: 57 x 40 x 45.<\/span><\/li>\n<\/ul>\n<h3 class=\"p8\">ACCESORIOS INCLUIDOS:<\/h3>\n<ul class=\"ul1\">\n<li class=\"li7\"><span class=\"s2\">Pr\u00e9nsatelas Principal Zig-Zag.<\/span><\/li>\n<li class=\"li7\"><span class=\"s2\">Pr\u00e9nsatelas para costura decorativa.<\/span><\/li>\n<li class=\"li7\"><span class=\"s2\">Pr\u00e9nsatelas para cremalleras.<\/span><\/li>\n<li class=\"li7\"><span class=\"s2\">Pr\u00e9nsatelas para ojales de un solo paso.<\/span><\/li>\n<li class=\"li7\"><span class=\"s2\">Pr\u00e9nsatelas para dobladillo invisible.<\/span><\/li>\n<li class=\"li7\"><span class=\"s2\">Pr\u00e9nsatelas para Bordado \/ zurcido.<\/span><\/li>\n<li class=\"li7\"><span class=\"s2\">Bastidor de 17 x 10 cm.<\/span><\/li>\n<li class=\"li7\"><span class=\"s2\">3 canillas.\u00a0<\/span><\/li>\n<li class=\"li7\"><span class=\"s2\">Tapas Porta-carretes (3) .<\/span><\/li>\n<li class=\"li7\"><span class=\"s2\">Porta Carretes Auxiliar.<\/span><\/li>\n<li class=\"li7\"><span class=\"s2\">Destornillador<\/span><\/li>\n<li class=\"li7\"><span class=\"s2\">Cepillo \/ Descosedor.<\/span><\/li>\n<li class=\"li7\"><span class=\"s2\">Paquete de agujas.<\/span><\/li>\n<li class=\"li7\"><span class=\"s2\">Gu\u00eda de bordes\/acolchado.<\/span><\/li>\n<li class=\"li7\"><span class=\"s2\">Red de hilo.<\/span><\/li>\n<li class=\"li7\"><span class=\"s2\">L\u00e1piz \u00f3ptico.<\/span><\/li>\n<li class=\"li7\"><span class=\"s2\">Pedal.<\/span><\/li>\n<\/ul>\n","protected":false},"excerpt":{"rendered":"<p>La m\u00e1quina de coser y bordar Singer SE9155\u00a0est\u00e1 indicada para todos los niveles de costura. Con sus facilidades de manejo es perfecta para quienes se estan iniciando en el mundo de la costura como para quienes llevan la vida en ello y quieren que coser les resulte aun mas agradable.<\/p>\n","protected":false},"featured_media":1456,"comment_status":"open","ping_status":"closed","template":"","meta":[],"product_brand":[],"product_cat":[94,22],"product_tag":[],"class_list":{"0":"post-1455","1":"product","2":"type-product","3":"status-publish","4":"has-post-thumbnail","6":"product_cat-singer-domesticas","7":"product_cat-domesticas","9":"first","10":"instock","11":"sale","12":"taxable","13":"shipping-taxable","14":"purchasable","15":"product-type-simple"},"_links":{"self":[{"href":"https:\/\/macozag.com\/index.php?rest_route=\/wp\/v2\/product\/1455","targetHints":{"allow":["GET"]}}],"collection":[{"href":"https:\/\/macozag.com\/index.php?rest_route=\/wp\/v2\/product"}],"about":[{"href":"https:\/\/macozag.com\/index.php?rest_route=\/wp\/v2\/types\/product"}],"replies":[{"embeddable":true,"href":"https:\/\/macozag.com\/index.php?rest_route=%2Fwp%2Fv2%2Fcomments&post=1455"}],"wp:featuredmedia":[{"embeddable":true,"href":"https:\/\/macozag.com\/index.php?rest_route=\/wp\/v2\/media\/1456"}],"wp:attachment":[{"href":"https:\/\/macozag.com\/index.php?rest_route=%2Fwp%2Fv2%2Fmedia&parent=1455"}],"wp:term":[{"taxonomy":"product_brand","embeddable":true,"href":"https:\/\/macozag.com\/index.php?rest_route=%2Fwp%2Fv2%2Fproduct_brand&post=1455"},{"taxonomy":"product_cat","embeddable":true,"href":"https:\/\/macozag.com\/index.php?rest_route=%2Fwp%2Fv2%2Fproduct_cat&post=1455"},{"taxonomy":"product_tag","embeddable":true,"href":"https:\/\/macozag.com\/index.php?rest_route=%2Fwp%2Fv2%2Fproduct_tag&post=1455"}],"curies":[{"name":"wp","href":"https:\/\/api.w.org\/{rel}","templated":true}]}}