{"id":1422,"date":"2025-11-14T17:07:39","date_gmt":"2025-11-14T17:07:39","guid":{"rendered":"http:\/\/macozag.com\/?post_type=product&#038;p=1422"},"modified":"2025-11-14T17:07:39","modified_gmt":"2025-11-14T17:07:39","slug":"singerheavy-duty-4432-bk","status":"publish","type":"product","link":"https:\/\/macozag.com\/?product=singerheavy-duty-4432-bk","title":{"rendered":"SingerHeavy Duty 4432 BK"},"content":{"rendered":"<p>La\u00a0<strong>Singer Heavy Duty 4432 Black Edition<\/strong>\u00a0es una m\u00e1quina de coser mec\u00e1nica robusta y de alto rendimiento, dise\u00f1ada para proyectos exigentes y telas gruesas. Ofrece\u00a0<strong>32 puntadas integradas<\/strong>, incluyendo puntadas b\u00e1sicas, decorativas y el\u00e1sticas. Su\u00a0motor de alta velocidad, que permite hasta\u00a0<strong>1,100 puntadas por minuto<\/strong>, proporciona rapidez y potencia. Adem\u00e1s, cuenta con un\u00a0<strong>ojal autom\u00e1tico en un solo paso<\/strong>\u00a0y un\u00a0<strong>ajuste de tensi\u00f3n autom\u00e1tico<\/strong>, lo que garantiza precisi\u00f3n en cada costura. Su\u00a0<strong>estructura interna met\u00e1lica<\/strong>\u00a0ofrece durabilidad y estabilidad.<\/p>\n<h3><strong>Caracter\u00edsticas\u00a0<\/strong><\/h3>\n<ol>\n<li><strong>32 puntadas integradas<\/strong>: Para proyectos utilitarios, decorativos y el\u00e1sticos.<\/li>\n<li><strong>Ojal en un solo paso<\/strong>: Para ojales precisos y r\u00e1pidos.<\/li>\n<li><strong>Motor de alta velocidad<\/strong>: Hasta 1,100 puntadas por minuto, ideal para telas pesadas.<\/li>\n<li><strong>Estructura interna met\u00e1lica<\/strong>: Ofrece durabilidad y estabilidad en cada uso.<\/li>\n<li><strong>Brazo libre<\/strong>: Facilita la costura en \u00e1reas complicadas como mangas y dobladillos.<\/li>\n<li><strong>Placa de acero inoxidable<\/strong>: Mejora el deslizamiento de la tela.<\/li>\n<\/ol>\n<h3>Accesorios incluidos:<\/h3>\n<ul>\n<li>Prensatelas b\u00e1sico<\/li>\n<li>Prensatelas para cierre<\/li>\n<li>Prensatelas para bot\u00f3n<\/li>\n<li>Prensatelas para ojal<\/li>\n<li>4 bobinas<\/li>\n<li>Paquete de agujas<\/li>\n<li>Brocha descosedor.<\/li>\n<li>2 sujetadores de hilo<\/li>\n<li>1 fieltro<\/li>\n<li>Destornillador en \u201cL\u201d<\/li>\n<li>Porta carrete<\/li>\n<li>Gu\u00eda de acolchado.<\/li>\n<\/ul>\n","protected":false},"excerpt":{"rendered":"<p>Lleva tu costura a otro nivel con la\u00a0<strong>Singer Heavy Duty 4432 Black Edition.\u00a0<\/strong>Con su alta velocidad y capacidad para telas gruesas, esta m\u00e1quina es la herramienta perfecta para proyectos exigentes. \u00a1Cons\u00edguela hoy y experimenta la verdadera potencia de la costura profesional!<\/p>\n","protected":false},"featured_media":1423,"comment_status":"open","ping_status":"closed","template":"","meta":[],"product_brand":[],"product_cat":[94,22],"product_tag":[],"class_list":{"0":"post-1422","1":"product","2":"type-product","3":"status-publish","4":"has-post-thumbnail","6":"product_cat-singer-domesticas","7":"product_cat-domesticas","9":"first","10":"instock","11":"sale","12":"taxable","13":"shipping-taxable","14":"purchasable","15":"product-type-simple"},"_links":{"self":[{"href":"https:\/\/macozag.com\/index.php?rest_route=\/wp\/v2\/product\/1422","targetHints":{"allow":["GET"]}}],"collection":[{"href":"https:\/\/macozag.com\/index.php?rest_route=\/wp\/v2\/product"}],"about":[{"href":"https:\/\/macozag.com\/index.php?rest_route=\/wp\/v2\/types\/product"}],"replies":[{"embeddable":true,"href":"https:\/\/macozag.com\/index.php?rest_route=%2Fwp%2Fv2%2Fcomments&post=1422"}],"wp:featuredmedia":[{"embeddable":true,"href":"https:\/\/macozag.com\/index.php?rest_route=\/wp\/v2\/media\/1423"}],"wp:attachment":[{"href":"https:\/\/macozag.com\/index.php?rest_route=%2Fwp%2Fv2%2Fmedia&parent=1422"}],"wp:term":[{"taxonomy":"product_brand","embeddable":true,"href":"https:\/\/macozag.com\/index.php?rest_route=%2Fwp%2Fv2%2Fproduct_brand&post=1422"},{"taxonomy":"product_cat","embeddable":true,"href":"https:\/\/macozag.com\/index.php?rest_route=%2Fwp%2Fv2%2Fproduct_cat&post=1422"},{"taxonomy":"product_tag","embeddable":true,"href":"https:\/\/macozag.com\/index.php?rest_route=%2Fwp%2Fv2%2Fproduct_tag&post=1422"}],"curies":[{"name":"wp","href":"https:\/\/api.w.org\/{rel}","templated":true}]}}