{"id":135,"date":"2025-03-02T18:49:28","date_gmt":"2025-03-02T18:49:28","guid":{"rendered":"http:\/\/macozag.com\/?post_type=product&#038;p=135"},"modified":"2025-03-02T18:49:47","modified_gmt":"2025-03-02T18:49:47","slug":"jk-a8-n","status":"publish","type":"product","link":"https:\/\/macozag.com\/?product=jk-a8-n","title":{"rendered":"JK-A8-N"},"content":{"rendered":"<p>M\u00e1quina de pespunte 1 aguja cortah\u00edlos con arrastre digital para g\u00e9nero fino<br \/>Equipada con detecci\u00f3n de grosor, sujeci\u00f3n de hilo, c\u00e1rter cerrado de aceite, cabezal semi-seco, panel de programaci\u00f3n, regulador de longitud de puntada electr\u00f3nica, remate electr\u00f3nico silencioso, instrucciones habladas, alzaprensatelas autom\u00e1ticas, luz LED integrada y motor Direct Drive. Incorpora un sistema de cortah\u00edlos doble, dejando la hebra del hilo inferior a 3 mm. Longitud de puntada 5 mm.<\/p>\n","protected":false},"excerpt":{"rendered":"<p>M\u00e1quina de pespunte 1 aguja cortah\u00edlos con arrastre digital para g\u00e9nero fino<\/p>\n","protected":false},"featured_media":165,"comment_status":"open","ping_status":"closed","template":"","meta":[],"product_brand":[],"product_cat":[27,28],"product_tag":[],"class_list":{"0":"post-135","1":"product","2":"type-product","3":"status-publish","4":"has-post-thumbnail","6":"product_cat-cortahilos","7":"product_cat-jack-cortahilos","9":"first","10":"instock","11":"taxable","12":"shipping-taxable","13":"product-type-simple"},"_links":{"self":[{"href":"https:\/\/macozag.com\/index.php?rest_route=\/wp\/v2\/product\/135","targetHints":{"allow":["GET"]}}],"collection":[{"href":"https:\/\/macozag.com\/index.php?rest_route=\/wp\/v2\/product"}],"about":[{"href":"https:\/\/macozag.com\/index.php?rest_route=\/wp\/v2\/types\/product"}],"replies":[{"embeddable":true,"href":"https:\/\/macozag.com\/index.php?rest_route=%2Fwp%2Fv2%2Fcomments&post=135"}],"wp:featuredmedia":[{"embeddable":true,"href":"https:\/\/macozag.com\/index.php?rest_route=\/wp\/v2\/media\/165"}],"wp:attachment":[{"href":"https:\/\/macozag.com\/index.php?rest_route=%2Fwp%2Fv2%2Fmedia&parent=135"}],"wp:term":[{"taxonomy":"product_brand","embeddable":true,"href":"https:\/\/macozag.com\/index.php?rest_route=%2Fwp%2Fv2%2Fproduct_brand&post=135"},{"taxonomy":"product_cat","embeddable":true,"href":"https:\/\/macozag.com\/index.php?rest_route=%2Fwp%2Fv2%2Fproduct_cat&post=135"},{"taxonomy":"product_tag","embeddable":true,"href":"https:\/\/macozag.com\/index.php?rest_route=%2Fwp%2Fv2%2Fproduct_tag&post=135"}],"curies":[{"name":"wp","href":"https:\/\/api.w.org\/{rel}","templated":true}]}}