{"id":1199,"date":"2025-10-08T17:33:15","date_gmt":"2025-10-08T17:33:15","guid":{"rendered":"http:\/\/macozag.com\/?post_type=product&#038;p=1199"},"modified":"2025-10-08T17:33:44","modified_gmt":"2025-10-08T17:33:44","slug":"elna-modelo-550-ex","status":"publish","type":"product","link":"https:\/\/macozag.com\/?product=elna-modelo-550-ex","title":{"rendered":"ELNA Modelo 550 eX"},"content":{"rendered":"<div class=\"descLeft\">\n<p><b><span dir=\"auto\">Caracter\u00edsticas<\/span><\/b><\/p>\n<ul>\n<li><span dir=\"auto\">Tama\u00f1o de la m\u00e1quina 406 x 302 x 176 mm<\/span><\/li>\n<li><span dir=\"auto\">Peso de la m\u00e1quina 6,5 \u200b\u200bkg<\/span><\/li>\n<li><span dir=\"auto\">50 puntadas, incluyendo 3 tipos de ojales en un solo paso<\/span><\/li>\n<li><span dir=\"auto\">La longitud m\u00e1xima de puntada es de 4 mm y ancho de zig-zag regulable m\u00e1x. 7mm<\/span><\/li>\n<li><span dir=\"auto\">La tensi\u00f3n del hilo es ajustable entre 0 y 9.<\/span><\/li>\n<li><span dir=\"auto\">Garfio horizontal con tapa bobina transparente<\/span><\/li>\n<li><span dir=\"auto\">Brazo libre facilitando las costuras circulares<\/span><\/li>\n<li><span dir=\"auto\">Prensatelas f\u00e1cilmente intercambiables sistema Snap on<\/span><\/li>\n<li><span dir=\"auto\">Enhebrador autom\u00e1tico<\/span><\/li>\n<li><span dir=\"auto\">15 posiciones de aguja<\/span><\/li>\n<li><span dir=\"auto\">7 hileras de dientes de arrastre escamoteables<\/span><\/li>\n<li><span dir=\"auto\">Botones de acceso directo: star-stop, remate condensado, posicionador de aguja arriba y abajo, y selecci\u00f3n de puntas, puntada inversa.<\/span><\/li>\n<li><span dir=\"auto\">Pantalla LCD de 2 d\u00edgitos, tama\u00f1o 66mmx 31mm<\/span><\/li>\n<li><span dir=\"auto\">Devanador de f\u00e1cil desconexi\u00f3n<\/span><\/li>\n<li><span dir=\"auto\">\u00c1rea de costura 90 mm<\/span><\/li>\n<li><span dir=\"auto\">Espacio de trabajo 170 mm<\/span><\/li>\n<li><span dir=\"auto\">Iluminaci\u00f3n por LED blanca<\/span><\/li>\n<li><span dir=\"auto\">Incluye tabla de referencias de puntas extra\u00edbles del lado derecho de la m\u00e1quina.<\/span><\/li>\n<li><span dir=\"auto\">Caj\u00f3n extra\u00edble para el almacenamiento de los accesorios.<\/span><\/li>\n<li><span dir=\"auto\">Asa para facilitar el transporte.<\/span><\/li>\n<li><span dir=\"auto\">Velocidad de la m\u00e1quina de 700 ppm<\/span><\/li>\n<\/ul>\n<\/div>\n<div class=\"descRight\">\n<p><b><span dir=\"auto\">Accesorios est\u00e1ndar<\/span><\/b><\/p>\n<ul>\n<li><span dir=\"auto\">Prensatelas est\u00e1ndar<\/span><\/li>\n<li><span dir=\"auto\">Prensatelas sobrehilado<\/span><\/li>\n<li><span dir=\"auto\">Prensatelas de cremallera<\/span><\/li>\n<li><span dir=\"auto\">Prensatelas ojales autom\u00e1tico con placa estabilizadora<\/span><\/li>\n<li><span dir=\"auto\">Prensatelas con borde invisible<\/span><\/li>\n<li><span dir=\"auto\">Prensatelas puntada decorativa<\/span><\/li>\n<li><span dir=\"auto\">Prensatelas de 1\/4 de pulgada<\/span><\/li>\n<li><span dir=\"auto\">Mesa de extensi\u00f3n incluida<\/span><\/li>\n<li><span dir=\"auto\">5 canillas<\/span><\/li>\n<li><span dir=\"auto\">Desescosedor<\/span><\/li>\n<li><span dir=\"auto\">Surtido de agujas<\/span><\/li>\n<li><span dir=\"auto\">Un tope bobina de hilo peque\u00f1o<\/span><\/li>\n<li><span dir=\"auto\">Un tope bobina de hilo grande<\/span><\/li>\n<li><span dir=\"auto\">Portabobina adicional<\/span><\/li>\n<li><span dir=\"auto\">Destornillador<\/span><\/li>\n<li><span dir=\"auto\">Pedal<\/span><\/li>\n<li><span dir=\"auto\">V\u00eddeo instructivo<\/span><\/li>\n<li><span dir=\"auto\">Cubierta de protecci\u00f3n r\u00edgida<\/span><\/li>\n<\/ul>\n<\/div>\n","protected":false},"excerpt":{"rendered":"<p>Se adapta a m\u00faltiples aplicaciones y prop\u00f3sitos, con una amplia gama de funciones inteligentes que aumentar\u00e1n la eficiencia de tu costura.<\/p>\n","protected":false},"featured_media":1200,"comment_status":"open","ping_status":"closed","template":"","meta":[],"product_brand":[],"product_cat":[82,22],"product_tag":[],"class_list":{"0":"post-1199","1":"product","2":"type-product","3":"status-publish","4":"has-post-thumbnail","6":"product_cat-elna","7":"product_cat-domesticas","9":"first","10":"instock","11":"sale","12":"taxable","13":"shipping-taxable","14":"purchasable","15":"product-type-simple"},"_links":{"self":[{"href":"https:\/\/macozag.com\/index.php?rest_route=\/wp\/v2\/product\/1199","targetHints":{"allow":["GET"]}}],"collection":[{"href":"https:\/\/macozag.com\/index.php?rest_route=\/wp\/v2\/product"}],"about":[{"href":"https:\/\/macozag.com\/index.php?rest_route=\/wp\/v2\/types\/product"}],"replies":[{"embeddable":true,"href":"https:\/\/macozag.com\/index.php?rest_route=%2Fwp%2Fv2%2Fcomments&post=1199"}],"wp:featuredmedia":[{"embeddable":true,"href":"https:\/\/macozag.com\/index.php?rest_route=\/wp\/v2\/media\/1200"}],"wp:attachment":[{"href":"https:\/\/macozag.com\/index.php?rest_route=%2Fwp%2Fv2%2Fmedia&parent=1199"}],"wp:term":[{"taxonomy":"product_brand","embeddable":true,"href":"https:\/\/macozag.com\/index.php?rest_route=%2Fwp%2Fv2%2Fproduct_brand&post=1199"},{"taxonomy":"product_cat","embeddable":true,"href":"https:\/\/macozag.com\/index.php?rest_route=%2Fwp%2Fv2%2Fproduct_cat&post=1199"},{"taxonomy":"product_tag","embeddable":true,"href":"https:\/\/macozag.com\/index.php?rest_route=%2Fwp%2Fv2%2Fproduct_tag&post=1199"}],"curies":[{"name":"wp","href":"https:\/\/api.w.org\/{rel}","templated":true}]}}