{"id":118,"date":"2025-03-02T18:49:25","date_gmt":"2025-03-02T18:49:25","guid":{"rendered":"http:\/\/macozag.com\/?post_type=product&#038;p=118"},"modified":"2025-11-14T10:07:47","modified_gmt":"2025-11-14T10:07:47","slug":"bernettesewgo-7","status":"publish","type":"product","link":"https:\/\/macozag.com\/?product=bernettesewgo-7","title":{"rendered":"Bernette Sew&#038;Go7"},"content":{"rendered":"<p>La m\u00e1quina de coser\u00a0<strong>Bernette sew&amp;go 7<\/strong>\u00a0es un modelo de m\u00e1quina auperior a los modelos anteriores, es una m\u00e1quina electr\u00f3nica de brazo libre que incluye 80 puntadas diferentes con una generosa anchura de puntada de hasta 7 mm y 15 posiciones de aguja . La funci\u00f3n pr\u00e1ctica de strat\/stop te permite controlar la velocidad de costura sin utilizar el pedal, y poder regularla a nuestras necesidades . El posicionador de aguja arriba \/ abajo permite ajustar la posici\u00f3n de la aguja en el extremo de una fila de costura, lo cual es una gran ventaja por ejemplo para coser esquinas.<\/p>\n<h3>Caracter\u00edsticas:<\/h3>\n<ul>\n<li>Alzaprensatelas 2 pasos.<\/li>\n<li>80 pundadas diferentes.<\/li>\n<li>Selecci\u00f3n de puntada y puntada directa ajustes.<\/li>\n<li>Enhebrador semiautom\u00e1tico.<\/li>\n<li>Control de velocidad.<\/li>\n<li>Visi\u00f3n general de la puntada.<\/li>\n<li>7 mm Anchura anchura de la puntada.<\/li>\n<li>Bot\u00f3n Start\/Stop.<\/li>\n<li>Control de velocidad.<\/li>\n<li>Posicionador de aguja arriba \/ abajo.<\/li>\n<li>Ojal 1 a paso.<\/li>\n<li>Pantalla LED.<\/li>\n<\/ul>\n","protected":false},"excerpt":{"rendered":"<p>M\u00e1quina de coser Sew &amp; Go 7 costura b\u00e1sica electr\u00f3nica<\/p>\n","protected":false},"featured_media":148,"comment_status":"open","ping_status":"closed","template":"","meta":[],"product_brand":[],"product_cat":[23],"product_tag":[],"class_list":{"0":"post-118","1":"product","2":"type-product","3":"status-publish","4":"has-post-thumbnail","6":"product_cat-bernette","8":"first","9":"instock","10":"sale","11":"taxable","12":"shipping-taxable","13":"purchasable","14":"product-type-simple"},"_links":{"self":[{"href":"https:\/\/macozag.com\/index.php?rest_route=\/wp\/v2\/product\/118","targetHints":{"allow":["GET"]}}],"collection":[{"href":"https:\/\/macozag.com\/index.php?rest_route=\/wp\/v2\/product"}],"about":[{"href":"https:\/\/macozag.com\/index.php?rest_route=\/wp\/v2\/types\/product"}],"replies":[{"embeddable":true,"href":"https:\/\/macozag.com\/index.php?rest_route=%2Fwp%2Fv2%2Fcomments&post=118"}],"wp:featuredmedia":[{"embeddable":true,"href":"https:\/\/macozag.com\/index.php?rest_route=\/wp\/v2\/media\/148"}],"wp:attachment":[{"href":"https:\/\/macozag.com\/index.php?rest_route=%2Fwp%2Fv2%2Fmedia&parent=118"}],"wp:term":[{"taxonomy":"product_brand","embeddable":true,"href":"https:\/\/macozag.com\/index.php?rest_route=%2Fwp%2Fv2%2Fproduct_brand&post=118"},{"taxonomy":"product_cat","embeddable":true,"href":"https:\/\/macozag.com\/index.php?rest_route=%2Fwp%2Fv2%2Fproduct_cat&post=118"},{"taxonomy":"product_tag","embeddable":true,"href":"https:\/\/macozag.com\/index.php?rest_route=%2Fwp%2Fv2%2Fproduct_tag&post=118"}],"curies":[{"name":"wp","href":"https:\/\/api.w.org\/{rel}","templated":true}]}}